CRAN Package Check Results for Package gqlr

Last updated on 2019-08-20 22:47:17 CEST.

Flavor Version Tinstall Tcheck Ttotal Status Flags
r-devel-linux-x86_64-debian-clang 0.0.1 508.59 167.53 676.12 NOTE
r-devel-linux-x86_64-debian-gcc 0.0.1 472.00 125.69 597.69 NOTE
r-devel-linux-x86_64-fedora-clang 0.0.1 922.96 NOTE
r-devel-linux-x86_64-fedora-gcc 0.0.1 959.99 NOTE
r-devel-windows-ix86+x86_64 0.0.1 855.00 275.00 1130.00 NOTE
r-patched-linux-x86_64 0.0.1 527.59 164.51 692.10 NOTE
r-patched-solaris-x86 0.0.1 1053.70 NOTE
r-release-linux-x86_64 0.0.1 512.88 150.90 663.78 NOTE
r-release-windows-ix86+x86_64 0.0.1 556.00 176.00 732.00 NOTE
r-release-osx-x86_64 0.0.1 FAIL
r-oldrel-windows-ix86+x86_64 0.0.1 803.00 227.00 1030.00 NOTE
r-oldrel-osx-x86_64 0.0.1 NOTE

Check Details

Version: 0.0.1
Check: package dependencies
Result: NOTE
    Package suggested but not available for checking: 'jug'
Flavors: r-devel-linux-x86_64-debian-clang, r-devel-linux-x86_64-debian-gcc, r-devel-linux-x86_64-fedora-clang, r-devel-linux-x86_64-fedora-gcc, r-patched-linux-x86_64, r-patched-solaris-x86, r-release-linux-x86_64

Version: 0.0.1
Check: installed package size
Result: NOTE
     installed size is 27.7Mb
     sub-directories of 1Mb or more:
     R 27.6Mb
Flavors: r-devel-linux-x86_64-fedora-clang, r-devel-windows-ix86+x86_64, r-patched-solaris-x86, r-release-windows-ix86+x86_64, r-release-osx-x86_64, r-oldrel-windows-ix86+x86_64, r-oldrel-osx-x86_64

Version: 0.0.1
Check: dependencies in R code
Result: NOTE
    Namespace in Imports field not imported from: ‘base’
     All declared Imports should be used.
Flavors: r-devel-linux-x86_64-fedora-clang, r-devel-linux-x86_64-fedora-gcc, r-patched-solaris-x86, r-release-osx-x86_64, r-oldrel-osx-x86_64

Version: 0.0.1
Check: tests
Result: ERROR
     Running ‘testthat.R’ [63s/138s]
    Running the tests in ‘tests/testthat.R’ failed.
    Complete output:
     > library(testthat)
     > library(gqlr)
     >
     > test_check("gqlr")
    
     ══ testthat results ═══════════════════════════════════════════════════════════
     OK: 450 SKIPPED: 0 FAILED: 0
     Execution halted
Flavor: r-release-osx-x86_64

Version: 0.0.1
Check: PDF version of manual
Result: FAIL
    
Flavor: r-release-osx-x86_64