Last updated on 2024-04-16 22:55:27 CEST.
Flavor | Version | Tinstall | Tcheck | Ttotal | Status | Flags |
---|---|---|---|---|---|---|
r-devel-linux-x86_64-debian-clang | 0.0.11 | 13.67 | 105.77 | 119.44 | OK | |
r-devel-linux-x86_64-debian-gcc | 0.0.11 | 8.80 | 78.79 | 87.59 | OK | |
r-devel-linux-x86_64-fedora-clang | 0.0.11 | 155.31 | NOTE | |||
r-devel-linux-x86_64-fedora-gcc | 0.0.11 | 158.11 | NOTE | |||
r-prerel-macos-arm64 | 0.0.11 | 54.00 | OK | |||
r-prerel-macos-x86_64 | 0.0.11 | 126.00 | OK | |||
r-prerel-windows-x86_64 | 0.0.11 | 11.00 | 106.00 | 117.00 | OK | |
r-patched-linux-x86_64 | 0.0.11 | 16.12 | 99.39 | 115.51 | NOTE | |
r-release-linux-x86_64 | 0.0.11 | 10.04 | 102.63 | 112.67 | OK | |
r-release-macos-arm64 | 0.0.11 | 58.00 | OK | |||
r-release-macos-x86_64 | 0.0.11 | 127.00 | OK | |||
r-release-windows-x86_64 | 0.0.11 | 16.00 | 116.00 | 132.00 | OK | |
r-oldrel-macos-arm64 | 0.0.11 | 54.00 | OK | |||
r-oldrel-windows-x86_64 | 0.0.11 | 17.00 | 118.00 | 135.00 | OK |
Version: 0.0.11
Check: data for non-ASCII characters
Result: NOTE
Note: found 5030 marked UTF-8 strings
Flavors: r-devel-linux-x86_64-fedora-clang, r-devel-linux-x86_64-fedora-gcc
Version: 0.0.11
Check: package dependencies
Result: NOTE
Package suggested but not available for checking: ‘quanteda.textmodels’
Flavor: r-patched-linux-x86_64