Last updated on 2024-04-19 22:55:47 CEST.
Flavor | Version | Tinstall | Tcheck | Ttotal | Status | Flags |
---|---|---|---|---|---|---|
r-devel-linux-x86_64-debian-clang | 1.0.0 | 9.32 | 135.05 | 144.37 | NOTE | |
r-devel-linux-x86_64-debian-gcc | 1.0.0 | NOTE | ||||
r-devel-linux-x86_64-fedora-clang | 1.0.0 | 188.49 | NOTE | |||
r-devel-linux-x86_64-fedora-gcc | 1.0.0 | 189.43 | NOTE | |||
r-prerel-macos-arm64 | 1.0.0 | 58.00 | NOTE | |||
r-prerel-windows-x86_64 | 1.0.0 | 12.00 | 108.00 | 120.00 | NOTE | |
r-patched-linux-x86_64 | 1.0.0 | 11.24 | 127.60 | 138.84 | NOTE | |
r-release-linux-x86_64 | 1.0.0 | 11.03 | 132.35 | 143.38 | NOTE | |
r-release-macos-arm64 | 1.0.0 | 67.00 | NOTE | |||
r-release-macos-x86_64 | 1.0.0 | 98.00 | NOTE | |||
r-release-windows-x86_64 | 1.0.0 | 16.00 | 145.00 | 161.00 | NOTE | |
r-oldrel-macos-arm64 | 1.0.0 | 49.00 | NOTE | |||
r-oldrel-windows-x86_64 | 1.0.0 | 16.00 | 146.00 | 162.00 | NOTE |
Version: 1.0.0
Check: LazyData
Result: NOTE
'LazyData' is specified without a 'data' directory
Flavors: r-devel-linux-x86_64-debian-clang, r-devel-linux-x86_64-debian-gcc, r-devel-linux-x86_64-fedora-clang, r-devel-linux-x86_64-fedora-gcc, r-prerel-macos-arm64, r-prerel-windows-x86_64, r-patched-linux-x86_64, r-release-linux-x86_64, r-release-macos-arm64, r-release-macos-x86_64, r-release-windows-x86_64, r-oldrel-macos-arm64, r-oldrel-windows-x86_64
Version: 1.0.0
Check: dependencies in R code
Result: NOTE
Namespace in Imports field not imported from: ‘reshape2’
All declared Imports should be used.
Flavors: r-devel-linux-x86_64-fedora-clang, r-devel-linux-x86_64-fedora-gcc, r-oldrel-macos-arm64