CRAN Package Check Results for Package grattan

Last updated on 2021-04-20 22:52:58 CEST.

Flavor Version Tinstall Tcheck Ttotal Status Flags
r-devel-linux-x86_64-debian-clang 1.9.0.4 120.31 113.54 233.85 NOTE
r-devel-linux-x86_64-debian-gcc 1.9.0.4 67.27 80.31 147.58 NOTE
r-devel-linux-x86_64-fedora-clang 1.9.0.4 322.53 NOTE
r-devel-linux-x86_64-fedora-gcc 1.9.0.4 258.00 NOTE
r-devel-windows-ix86+x86_64 1.9.0.4 191.00 138.00 329.00 NOTE
r-devel-windows-x86_64-gcc10-UCRT 1.9.0.4 NOTE
r-patched-linux-x86_64 1.9.0.4 85.59 101.57 187.16 NOTE
r-patched-solaris-x86 1.9.0.4 267.60 NOTE
r-release-linux-x86_64 1.9.0.4 78.66 98.25 176.91 NOTE
r-release-macos-x86_64 1.9.0.4 NOTE
r-release-windows-ix86+x86_64 1.9.0.4 245.00 190.00 435.00 NOTE
r-oldrel-macos-x86_64 1.9.0.4 NOTE
r-oldrel-windows-ix86+x86_64 1.9.0.4 216.00 178.00 394.00 NOTE

Check Details

Version: 1.9.0.4
Check: package dependencies
Result: NOTE
    Packages suggested but not available for checking:
     'taxstats', 'taxstats1516'
Flavors: r-devel-linux-x86_64-debian-clang, r-devel-linux-x86_64-debian-gcc, r-devel-linux-x86_64-fedora-clang, r-devel-linux-x86_64-fedora-gcc, r-devel-windows-ix86+x86_64, r-devel-windows-x86_64-gcc10-UCRT, r-patched-linux-x86_64, r-patched-solaris-x86, r-release-linux-x86_64, r-release-macos-x86_64, r-release-windows-ix86+x86_64, r-oldrel-macos-x86_64, r-oldrel-windows-ix86+x86_64

Version: 1.9.0.4
Check: dependencies in R code
Result: NOTE
    Namespace in Imports field not imported from: ‘hutilscpp’
     All declared Imports should be used.
Flavors: r-devel-linux-x86_64-fedora-clang, r-devel-linux-x86_64-fedora-gcc, r-devel-windows-x86_64-gcc10-UCRT, r-patched-solaris-x86, r-release-macos-x86_64, r-oldrel-macos-x86_64

Version: 1.9.0.4
Check: installed package size
Result: NOTE
     installed size is 5.1Mb
     sub-directories of 1Mb or more:
     doc 1.9Mb
     libs 2.1Mb
Flavors: r-devel-windows-ix86+x86_64, r-release-windows-ix86+x86_64