Last updated on 2024-04-28 22:50:55 CEST.
Flavor | Version | Tinstall | Tcheck | Ttotal | Status | Flags |
---|---|---|---|---|---|---|
r-devel-linux-x86_64-debian-clang | 0.2 | 482.22 | 135.38 | 617.60 | NOTE | |
r-devel-linux-x86_64-debian-gcc | 0.2 | 455.57 | 130.76 | 586.33 | NOTE | |
r-devel-linux-x86_64-fedora-clang | 0.2 | 777.72 | NOTE | |||
r-devel-linux-x86_64-fedora-gcc | 0.2 | 589.34 | NOTE | |||
r-devel-windows-x86_64 | 0.2 | 396.00 | 148.00 | 544.00 | NOTE | |
r-patched-linux-x86_64 | 0.2 | 414.55 | 168.84 | 583.39 | NOTE | |
r-release-linux-x86_64 | 0.2 | 410.22 | 172.72 | 582.94 | NOTE | |
r-release-macos-arm64 | 0.2 | 189.00 | NOTE | |||
r-release-windows-x86_64 | 0.2 | 404.00 | 146.00 | 550.00 | NOTE | |
r-oldrel-macos-arm64 | 0.2 | 233.00 | NOTE | |||
r-oldrel-macos-x86_64 | 0.2 | 264.00 | NOTE | |||
r-oldrel-windows-x86_64 | 0.2 | 478.00 | 179.00 | 657.00 | NOTE |
Version: 0.2
Check: for GNU extensions in Makefiles
Result: NOTE
GNU make is a SystemRequirements.
Flavors: r-devel-linux-x86_64-debian-clang, r-devel-linux-x86_64-debian-gcc, r-devel-linux-x86_64-fedora-clang, r-devel-linux-x86_64-fedora-gcc, r-devel-windows-x86_64, r-patched-linux-x86_64, r-release-linux-x86_64, r-release-macos-arm64, r-release-windows-x86_64, r-oldrel-macos-arm64, r-oldrel-macos-x86_64, r-oldrel-windows-x86_64
Version: 0.2
Check: installed package size
Result: NOTE
installed size is 58.6Mb
sub-directories of 1Mb or more:
libs 58.4Mb
Flavors: r-release-macos-arm64, r-oldrel-macos-arm64, r-oldrel-macos-x86_64