CRAN Package Check Results for Package greta

Last updated on 2021-04-11 22:47:11 CEST.

Flavor Version Tinstall Tcheck Ttotal Status Flags
r-devel-linux-x86_64-debian-clang 0.3.1 43.38 134.58 177.96 NOTE
r-devel-linux-x86_64-debian-gcc 0.3.1 37.23 100.24 137.47 NOTE
r-devel-linux-x86_64-fedora-clang 0.3.1 317.68 NOTE
r-devel-linux-x86_64-fedora-gcc 0.3.1 304.68 NOTE
r-devel-windows-ix86+x86_64 0.3.1 78.00 175.00 253.00 NOTE
r-devel-windows-x86_64-gcc10-UCRT 0.3.1 NOTE
r-patched-linux-x86_64 0.3.1 37.77 123.31 161.08 OK
r-patched-solaris-x86 0.3.1 279.00 OK
r-release-linux-x86_64 0.3.1 42.76 123.76 166.52 OK
r-release-macos-x86_64 0.3.1 OK
r-release-windows-ix86+x86_64 0.3.1 57.00 201.00 258.00 OK
r-oldrel-macos-x86_64 0.3.1 OK
r-oldrel-windows-ix86+x86_64 0.3.1 75.00 130.00 205.00 OK

Check Details

Version: 0.3.1
Check: LazyData
Result: NOTE
     'LazyData' is specified without a 'data' directory
Flavors: r-devel-linux-x86_64-debian-clang, r-devel-linux-x86_64-debian-gcc, r-devel-linux-x86_64-fedora-clang, r-devel-linux-x86_64-fedora-gcc, r-devel-windows-ix86+x86_64, r-devel-windows-x86_64-gcc10-UCRT