Last updated on 2024-03-28 23:01:46 CET.
Flavor | Version | Tinstall | Tcheck | Ttotal | Status | Flags |
---|---|---|---|---|---|---|
r-devel-linux-x86_64-debian-clang | 1.1.0 | 5.37 | 446.24 | 451.61 | OK | |
r-devel-linux-x86_64-debian-gcc | 1.1.0 | 4.19 | 377.59 | 381.78 | OK | |
r-devel-linux-x86_64-fedora-clang | 1.1.0 | 560.23 | NOTE | |||
r-devel-linux-x86_64-fedora-gcc | 1.1.0 | 560.35 | NOTE | |||
r-devel-windows-x86_64 | 1.1.0 | 6.00 | 465.00 | 471.00 | OK | |
r-patched-linux-x86_64 | 1.1.0 | 5.97 | 444.08 | 450.05 | OK | |
r-release-linux-x86_64 | 1.1.0 | 4.16 | 441.19 | 445.35 | OK | |
r-release-macos-arm64 | 1.1.0 | 269.00 | OK | |||
r-release-macos-x86_64 | 1.1.0 | 451.00 | OK | |||
r-release-windows-x86_64 | 1.1.0 | 6.00 | 452.00 | 458.00 | OK | |
r-oldrel-macos-arm64 | 1.1.0 | 162.00 | OK | |||
r-oldrel-windows-x86_64 | 1.1.0 | 6.00 | 300.00 | 306.00 | OK |
Version: 1.1.0
Check: dependencies in R code
Result: NOTE
Namespace in Imports field not imported from: ‘msm’
All declared Imports should be used.
Flavors: r-devel-linux-x86_64-fedora-clang, r-devel-linux-x86_64-fedora-gcc