Last updated on 2023-09-30 22:59:09 CEST.
Flavor | Version | Tinstall | Tcheck | Ttotal | Status | Flags |
---|---|---|---|---|---|---|
r-devel-linux-x86_64-debian-clang | 1.0.5 | 110.64 | 65.76 | 176.40 | NOTE | |
r-devel-linux-x86_64-debian-gcc | 1.0.5.1 | 78.05 | 50.64 | 128.69 | OK | |
r-devel-linux-x86_64-fedora-clang | 1.0.5.1 | 280.25 | OK | |||
r-devel-linux-x86_64-fedora-gcc | 1.0.5.1 | 268.95 | OK | |||
r-devel-windows-x86_64 | 1.0.5.1 | 88.00 | 105.00 | 193.00 | OK | |
r-patched-linux-x86_64 | 1.0.5 | 99.90 | 64.20 | 164.10 | NOTE | |
r-release-linux-x86_64 | 1.0.5 | 74.44 | 64.51 | 138.95 | NOTE | |
r-release-macos-arm64 | 1.0.5.1 | 155.00 | NOTE | |||
r-release-macos-x86_64 | 1.0.5 | 119.00 | NOTE | |||
r-release-windows-x86_64 | 1.0.5.1 | 88.00 | 113.00 | 201.00 | OK | |
r-oldrel-macos-arm64 | 1.0.5.1 | 61.00 | NOTE | |||
r-oldrel-macos-x86_64 | 1.0.5 | 82.00 | NOTE | |||
r-oldrel-windows-x86_64 | 1.0.5.1 | 76.00 | 116.00 | 192.00 | OK |
Version: 1.0.5
Check: C++ specification
Result: NOTE
Specified C++11: please drop specification unless essential
Flavors: r-devel-linux-x86_64-debian-clang, r-patched-linux-x86_64, r-release-linux-x86_64, r-release-macos-x86_64
Version: 1.0.5.1
Check: installed package size
Result: NOTE
installed size is 8.6Mb
sub-directories of 1Mb or more:
libs 8.2Mb
Flavors: r-release-macos-arm64, r-oldrel-macos-arm64
Version: 1.0.5
Check: package dependencies
Result: NOTE
Package suggested but not available for checking: ‘snplist’
Flavor: r-release-macos-x86_64
Version: 1.0.5
Check: installed package size
Result: NOTE
installed size is 8.8Mb
sub-directories of 1Mb or more:
libs 8.4Mb
Flavors: r-release-macos-x86_64, r-oldrel-macos-x86_64