Last updated on 2025-06-23 22:50:42 CEST.
Flavor | Version | Tinstall | Tcheck | Ttotal | Status | Flags |
---|---|---|---|---|---|---|
r-devel-linux-x86_64-debian-clang | 0.1.0 | 4.93 | 91.05 | 95.98 | OK | |
r-devel-linux-x86_64-debian-gcc | 0.1.0 | 3.31 | 55.93 | 59.24 | OK | |
r-devel-linux-x86_64-fedora-clang | 0.1.0 | 153.46 | NOTE | |||
r-devel-linux-x86_64-fedora-gcc | 0.1.0 | 148.10 | NOTE | |||
r-devel-windows-x86_64 | 0.1.0 | 6.00 | 102.00 | 108.00 | OK | |
r-patched-linux-x86_64 | 0.1.0 | 4.47 | 86.81 | 91.28 | OK | |
r-release-linux-x86_64 | 0.1.0 | 4.39 | 87.44 | 91.83 | OK | |
r-release-macos-arm64 | 0.1.0 | 40.00 | OK | |||
r-release-macos-x86_64 | 0.1.0 | 89.00 | OK | |||
r-release-windows-x86_64 | 0.1.0 | 8.00 | 104.00 | 112.00 | OK | |
r-oldrel-macos-arm64 | 0.1.0 | 38.00 | OK | |||
r-oldrel-macos-x86_64 | 0.1.0 | 71.00 | OK | |||
r-oldrel-windows-x86_64 | 0.1.0 | 8.00 | 129.00 | 137.00 | OK |
Version: 0.1.0
Check: dependencies in R code
Result: NOTE
Namespaces in Imports field not imported from:
‘ggplot2’ ‘gridExtra’ ‘methods’ ‘tidyr’
All declared Imports should be used.
Flavors: r-devel-linux-x86_64-fedora-clang, r-devel-linux-x86_64-fedora-gcc