CRAN Package Check Results for Package growcurves

Last updated on 2017-11-21 22:48:00 CET.

Flavor Version Tinstall Tcheck Ttotal Status Flags
r-devel-linux-x86_64-debian-clang 0.2.4.1 143.92 84.34 228.27 NOTE
r-devel-linux-x86_64-debian-gcc 0.2.4.1 173.34 172.78 346.12 NOTE
r-devel-linux-x86_64-fedora-clang 0.2.4.1 464.08 NOTE
r-devel-linux-x86_64-fedora-gcc 0.2.4.1 490.75 NOTE
r-devel-windows-ix86+x86_64 0.2.4.1 456.00 246.00 702.00 OK
r-patched-linux-x86_64 0.2.4.1 155.08 90.61 245.69 NOTE
r-patched-solaris-x86 0.2.4.1 444.80 OK
r-release-linux-x86_64 0.2.4.1 152.65 87.51 240.16 NOTE
r-release-windows-ix86+x86_64 0.2.4.1 398.00 230.00 628.00 OK
r-release-osx-x86_64 0.2.4.1 NOTE
r-oldrel-windows-ix86+x86_64 0.2.4.1 369.00 298.00 667.00 OK
r-oldrel-osx-x86_64 0.2.4.1 NOTE

Check Details

Version: 0.2.4.1
Check: compiled code
Result: NOTE
    File ‘growcurves/libs/growcurves.so’:
     Found no calls to: ‘R_registerRoutines’, ‘R_useDynamicSymbols’
    
    It is good practice to register native routines and to disable symbol
    search.
    
    See ‘Writing portable packages’ in the ‘Writing R Extensions’ manual.
Flavors: r-devel-linux-x86_64-debian-clang, r-devel-linux-x86_64-debian-gcc, r-devel-linux-x86_64-fedora-clang, r-devel-linux-x86_64-fedora-gcc, r-patched-linux-x86_64, r-release-linux-x86_64

Version: 0.2.4.1
Check: installed package size
Result: NOTE
     installed size is 15.5Mb
     sub-directories of 1Mb or more:
     libs 15.0Mb
Flavors: r-devel-linux-x86_64-fedora-clang, r-devel-linux-x86_64-fedora-gcc, r-release-osx-x86_64, r-oldrel-osx-x86_64