CRAN Package Check Results for Package growcurves

Last updated on 2018-06-20 22:49:17 CEST.

Flavor Version Tinstall Tcheck Ttotal Status Flags
r-devel-linux-x86_64-debian-clang 0.2.4.1 232.11 137.74 369.85 NOTE
r-devel-linux-x86_64-debian-gcc 0.2.4.1 189.46 104.39 293.85 NOTE
r-devel-linux-x86_64-fedora-clang 0.2.4.1 497.91 NOTE
r-devel-linux-x86_64-fedora-gcc 0.2.4.1 444.65 NOTE
r-devel-windows-ix86+x86_64 0.2.4.1 514.00 245.00 759.00 OK
r-patched-linux-x86_64 0.2.4.1 227.12 135.12 362.24 NOTE
r-patched-solaris-x86 0.2.4.1 439.30 OK
r-release-linux-x86_64 0.2.4.1 223.42 131.71 355.13 NOTE
r-release-windows-ix86+x86_64 0.2.4.1 398.00 315.00 713.00 OK
r-release-osx-x86_64 0.2.4.1 NOTE
r-oldrel-windows-ix86+x86_64 0.2.4.1 417.00 240.00 657.00 OK
r-oldrel-osx-x86_64 0.2.4.1 NOTE

Check Details

Version: 0.2.4.1
Check: compiled code
Result: NOTE
    File ‘growcurves/libs/growcurves.so’:
     Found no calls to: ‘R_registerRoutines’, ‘R_useDynamicSymbols’
    
    It is good practice to register native routines and to disable symbol
    search.
    
    See ‘Writing portable packages’ in the ‘Writing R Extensions’ manual.
Flavors: r-devel-linux-x86_64-debian-clang, r-devel-linux-x86_64-debian-gcc, r-devel-linux-x86_64-fedora-clang, r-devel-linux-x86_64-fedora-gcc, r-patched-linux-x86_64, r-release-linux-x86_64

Version: 0.2.4.1
Check: installed package size
Result: NOTE
     installed size is 16.7Mb
     sub-directories of 1Mb or more:
     libs 16.1Mb
Flavors: r-devel-linux-x86_64-fedora-clang, r-release-osx-x86_64, r-oldrel-osx-x86_64