Last updated on 2023-09-21 23:03:21 CEST.
Flavor | Version | Tinstall | Tcheck | Ttotal | Status | Flags |
---|---|---|---|---|---|---|
r-devel-linux-x86_64-debian-clang | 0.1.2 | 60.53 | 485.41 | 545.94 | OK | |
r-devel-linux-x86_64-debian-gcc | 0.1.2 | 52.73 | 357.31 | 410.04 | OK | |
r-devel-linux-x86_64-fedora-clang | 0.1.2 | 671.66 | OK | |||
r-devel-linux-x86_64-fedora-gcc | 0.1.2 | 674.92 | OK | |||
r-devel-windows-x86_64 | 0.1.2 | 57.00 | 331.00 | 388.00 | OK | |
r-patched-linux-x86_64 | 0.1.2 | 57.72 | 461.43 | 519.15 | OK | |
r-release-linux-x86_64 | 0.1.2 | 52.78 | 456.27 | 509.05 | OK | |
r-release-macos-arm64 | 0.1.2 | 5.00 | ERROR | |||
r-release-macos-x86_64 | 0.1.2 | 328.00 | OK | |||
r-release-windows-x86_64 | 0.1.2 | 70.00 | 431.00 | 501.00 | OK | |
r-oldrel-macos-arm64 | 0.1.2 | 8.00 | ERROR | |||
r-oldrel-macos-x86_64 | 0.1.2 | 11.00 | ERROR | |||
r-oldrel-windows-x86_64 | 0.1.2 | 72.00 | 413.00 | 485.00 | OK |
Version: 0.1.2
Check: package dependencies
Result: ERROR
Package required but not available: ‘CelliD’
See section ‘The DESCRIPTION file’ in the ‘Writing R Extensions’
manual.
Flavors: r-release-macos-arm64, r-oldrel-macos-arm64, r-oldrel-macos-x86_64