CRAN Package Check Results for Package gstat

Last updated on 2022-10-05 21:53:35 CEST.

Flavor Version Tinstall Tcheck Ttotal Status Flags
r-devel-linux-x86_64-debian-clang 2.0-9 23.18 225.88 249.06 NOTE
r-devel-linux-x86_64-debian-gcc 2.0-9 20.39 170.11 190.50 NOTE
r-devel-linux-x86_64-fedora-clang 2.0-9 324.03 WARN
r-devel-linux-x86_64-fedora-gcc 2.0-9 327.56 NOTE
r-devel-windows-x86_64 2.0-9 73.00 324.00 397.00 NOTE
r-patched-linux-x86_64 2.0-9 25.70 211.62 237.32 OK
r-release-linux-x86_64 2.0-9 19.84 214.62 234.46 OK
r-release-macos-arm64 2.0-9 108.00 OK
r-release-macos-x86_64 2.0-9 138.00 OK
r-release-windows-x86_64 2.0-9 55.00 335.00 390.00 OK
r-oldrel-macos-arm64 2.0-9 96.00 OK
r-oldrel-macos-x86_64 2.0-9 138.00 OK
r-oldrel-windows-ix86+x86_64 2.0-9 67.00 389.00 456.00 OK

Additional issues

clang15 clang15

Check Details

Version: 2.0-9
Check: Rd files
Result: NOTE
    checkRd: (-1) fit.variogram.Rd:91: Escaped LaTeX specials: \&
    checkRd: (-1) fit.variogram.gls.Rd:39: Escaped LaTeX specials: \&
    checkRd: (-1) gstat.Rd:117: Escaped LaTeX specials: \&
    checkRd: (-1) hscat.Rd:40: Escaped LaTeX specials: \&
    checkRd: (-1) krige.Rd:163: Escaped LaTeX specials: \&
    checkRd: (-1) krigeST.Rd:85: Escaped LaTeX specials: \&
    checkRd: (-1) meuse.all.Rd:41: Escaped LaTeX specials: \&
    checkRd: (-1) predict.gstat.Rd:155: Escaped LaTeX specials: \&
    checkRd: (-1) variogram.Rd:163: Escaped LaTeX specials: \&
    checkRd: (-1) variogramST.Rd:61: Escaped LaTeX specials: \&
    checkRd: (-1) vgm.Rd:116: Escaped LaTeX specials: \&
Flavors: r-devel-linux-x86_64-debian-clang, r-devel-linux-x86_64-debian-gcc, r-devel-linux-x86_64-fedora-clang, r-devel-linux-x86_64-fedora-gcc, r-devel-windows-x86_64

Version: 2.0-9
Check: whether package can be installed
Result: WARN
    Found the following significant warnings:
     nsearch.c:8:16: warning: invalid UTF-8 in comment [-Winvalid-utf8]
Flavor: r-devel-linux-x86_64-fedora-clang