Last updated on 2023-02-04 22:54:52 CET.
Flavor | Version | Tinstall | Tcheck | Ttotal | Status | Flags |
---|---|---|---|---|---|---|
r-devel-linux-x86_64-debian-clang | 0.0.5 | 60.45 | 123.61 | 184.06 | NOTE | |
r-devel-linux-x86_64-debian-gcc | 0.0.5 | 45.08 | 82.14 | 127.22 | NOTE | |
r-devel-linux-x86_64-fedora-clang | 0.0.5 | 236.21 | NOTE | |||
r-devel-linux-x86_64-fedora-gcc | 0.0.5 | 208.87 | NOTE | |||
r-devel-windows-x86_64 | 0.0.5 | 78.00 | 161.00 | 239.00 | NOTE | |
r-patched-linux-x86_64 | 0.0.5 | 49.99 | 101.99 | 151.98 | OK | |
r-release-linux-x86_64 | 0.0.5 | 50.95 | 100.14 | 151.09 | OK | |
r-release-macos-arm64 | 0.0.5 | 53.00 | NOTE | |||
r-release-macos-x86_64 | 0.0.5 | 76.00 | NOTE | |||
r-release-windows-x86_64 | 0.0.5 | 86.00 | 174.00 | 260.00 | OK | |
r-oldrel-macos-arm64 | 0.0.5 | 60.00 | NOTE | |||
r-oldrel-macos-x86_64 | 0.0.5 | 77.00 | NOTE | |||
r-oldrel-windows-ix86+x86_64 | 0.0.5 | 145.00 | 179.00 | 324.00 | NOTE |
Version: 0.0.5
Check: C++ specification
Result: NOTE
Specified C++11: please update to current default of C++17
Flavors: r-devel-linux-x86_64-debian-clang, r-devel-linux-x86_64-debian-gcc, r-devel-linux-x86_64-fedora-clang, r-devel-linux-x86_64-fedora-gcc, r-devel-windows-x86_64
Version: 0.0.5
Check: installed package size
Result: NOTE
installed size is 6.5Mb
sub-directories of 1Mb or more:
doc 2.9Mb
libs 3.0Mb
Flavors: r-release-macos-arm64, r-release-macos-x86_64, r-oldrel-macos-arm64, r-oldrel-macos-x86_64, r-oldrel-windows-ix86+x86_64