CRAN Package Check Results for Package gtools

Last updated on 2019-09-14 22:48:27 CEST.

Flavor Version Tinstall Tcheck Ttotal Status Flags
r-devel-linux-x86_64-debian-clang 3.8.1 4.12 99.56 103.68 NOTE
r-devel-linux-x86_64-debian-gcc 3.8.1 3.57 78.22 81.79 NOTE
r-devel-linux-x86_64-fedora-clang 3.8.1 129.09 NOTE
r-devel-linux-x86_64-fedora-gcc 3.8.1 122.73 NOTE
r-devel-windows-ix86+x86_64 3.8.1 18.00 95.00 113.00 NOTE
r-patched-linux-x86_64 3.8.1 3.69 101.93 105.62 NOTE
r-patched-solaris-x86 3.8.1 74.90 NOTE
r-release-linux-x86_64 3.8.1 3.69 103.27 106.96 NOTE
r-release-windows-ix86+x86_64 3.8.1 11.00 96.00 107.00 NOTE
r-release-osx-x86_64 3.8.1 NOTE
r-oldrel-windows-ix86+x86_64 3.8.1 12.00 64.00 76.00 NOTE
r-oldrel-osx-x86_64 3.8.1 NOTE

Check Details

Version: 3.8.1
Check: R code for possible problems
Result: NOTE
    Found the following possibly unsafe calls:
    File 'gtools/R/unByteCode.R':
     unlockBinding(name, env = env)
Flavors: r-devel-linux-x86_64-debian-clang, r-devel-linux-x86_64-debian-gcc, r-devel-linux-x86_64-fedora-clang, r-devel-linux-x86_64-fedora-gcc, r-devel-windows-ix86+x86_64, r-patched-linux-x86_64, r-patched-solaris-x86, r-release-linux-x86_64, r-release-windows-ix86+x86_64, r-release-osx-x86_64, r-oldrel-windows-ix86+x86_64, r-oldrel-osx-x86_64