CRAN Package Check Results for Package gtools

Last updated on 2019-06-24 22:59:53 CEST.

Flavor Version Tinstall Tcheck Ttotal Status Flags
r-devel-linux-x86_64-debian-clang 3.8.1 4.05 97.22 101.27 NOTE
r-devel-linux-x86_64-debian-gcc 3.8.1 3.12 76.66 79.78 NOTE
r-devel-linux-x86_64-fedora-clang 3.8.1 119.59 NOTE
r-devel-linux-x86_64-fedora-gcc 3.8.1 113.52 NOTE
r-devel-windows-ix86+x86_64 3.8.1 20.00 73.00 93.00 NOTE
r-patched-linux-x86_64 3.8.1 3.48 101.09 104.57 NOTE
r-patched-solaris-x86 3.8.1 82.80 NOTE
r-release-linux-x86_64 3.8.1 3.61 102.15 105.76 NOTE
r-release-windows-ix86+x86_64 3.8.1 11.00 96.00 107.00 NOTE
r-release-osx-x86_64 3.8.1 NOTE
r-oldrel-windows-ix86+x86_64 3.8.1 12.00 64.00 76.00 NOTE
r-oldrel-osx-x86_64 3.8.1 NOTE

Check Details

Version: 3.8.1
Check: R code for possible problems
Result: NOTE
    Found the following possibly unsafe calls:
    File 'gtools/R/unByteCode.R':
     unlockBinding(name, env = env)
Flavors: r-devel-linux-x86_64-debian-clang, r-devel-linux-x86_64-debian-gcc, r-devel-linux-x86_64-fedora-clang, r-devel-linux-x86_64-fedora-gcc, r-devel-windows-ix86+x86_64, r-patched-linux-x86_64, r-patched-solaris-x86, r-release-linux-x86_64, r-release-windows-ix86+x86_64, r-release-osx-x86_64, r-oldrel-windows-ix86+x86_64, r-oldrel-osx-x86_64