CRAN Package Check Results for Package gwdegree

Last updated on 2019-08-21 22:48:40 CEST.

Flavor Version Tinstall Tcheck Ttotal Status Flags
r-devel-linux-x86_64-debian-clang 0.1.1 8.88 76.03 84.91 NOTE
r-devel-linux-x86_64-debian-gcc 0.1.1 NOTE
r-devel-linux-x86_64-fedora-clang 0.1.1 103.40 NOTE
r-devel-linux-x86_64-fedora-gcc 0.1.1 101.37 NOTE
r-devel-windows-ix86+x86_64 0.1.1 28.00 136.00 164.00 NOTE
r-patched-linux-x86_64 0.1.1 8.85 73.59 82.44 NOTE
r-patched-solaris-x86 0.1.1 163.60 NOTE
r-release-linux-x86_64 0.1.1 9.12 73.56 82.68 NOTE
r-release-windows-ix86+x86_64 0.1.1 21.00 87.00 108.00 NOTE
r-release-osx-x86_64 0.1.1 OK
r-oldrel-windows-ix86+x86_64 0.1.1 23.00 73.00 96.00 ERROR
r-oldrel-osx-x86_64 0.1.1 OK

Check Details

Version: 0.1.1
Check: R code for possible problems
Result: NOTE
    simCCCent : <anonymous>: no visible global function definition for
     'simulate.formula'
    Undefined global functions or variables:
     simulate.formula
Flavors: r-devel-linux-x86_64-debian-clang, r-devel-linux-x86_64-debian-gcc, r-devel-linux-x86_64-fedora-clang, r-devel-linux-x86_64-fedora-gcc, r-devel-windows-ix86+x86_64, r-patched-linux-x86_64, r-patched-solaris-x86, r-release-linux-x86_64, r-release-windows-ix86+x86_64, r-oldrel-windows-ix86+x86_64

Version: 0.1.1
Check: loading without being on the library search path
Result: WARN
    Loading required package: ergm
    Loading required package: network
    network: Classes for Relational Data
    Version 1.15 created on 2019-04-01.
    copyright (c) 2005, Carter T. Butts, University of California-Irvine
     Mark S. Handcock, University of California -- Los Angeles
     David R. Hunter, Penn State University
     Martina Morris, University of Washington
     Skye Bender-deMoll, University of Washington
     For citation information, type citation("network").
     Type help("network-package") to get started.
    
    Error: package or namespace load failed for 'ergm' in loadNamespace(j <- i[[1L]], c(lib.loc, .libPaths()), versionCheck = vI[[j]]):
     namespace 'Matrix' 1.2-15 is being loaded, but >= 1.2.17 is required
    Error: package 'ergm' could not be loaded
    Execution halted
    
    It looks like this package has a loading problem when not on .libPaths:
    see the messages for details.
Flavor: r-oldrel-windows-ix86+x86_64

Version: 0.1.1
Check: examples
Result: ERROR
    Running examples in 'gwdegree-Ex.R' failed
    The error occurred in:
    
    
    R version 3.5.3 (2019-03-11) -- "Great Truth"
    Copyright (C) 2019 The R Foundation for Statistical Computing
    Platform: x86_64-w64-mingw32/x64 (64-bit)
    
    R is free software and comes with ABSOLUTELY NO WARRANTY.
    You are welcome to redistribute it under certain conditions.
    Type 'license()' or 'licence()' for distribution details.
    
     Natural language support but running in an English locale
    
    R is a collaborative project with many contributors.
    Type 'contributors()' for more information and
    'citation()' on how to cite R or R packages in publications.
    
    Type 'demo()' for some demos, 'help()' for on-line help, or
    'help.start()' for an HTML browser interface to help.
    Type 'q()' to quit R.
    
    > pkgname <- "gwdegree"
    > source(file.path(R.home("share"), "R", "examples-header.R"))
    > options(warn = 1)
    > options(pager = "console")
    > library('gwdegree')
    Loading required package: ergm
    Loading required package: network
    network: Classes for Relational Data
    Version 1.15 created on 2019-04-01.
    copyright (c) 2005, Carter T. Butts, University of California-Irvine
     Mark S. Handcock, University of California -- Los Angeles
     David R. Hunter, Penn State University
     Martina Morris, University of Washington
     Skye Bender-deMoll, University of Washington
     For citation information, type citation("network").
     Type help("network-package") to get started.
    
    Error: package or namespace load failed for 'ergm' in loadNamespace(j <- i[[1L]], c(lib.loc, .libPaths()), versionCheck = vI[[j]]):
     namespace 'Matrix' 1.2-15 is being loaded, but >= 1.2.17 is required
    Error: package 'ergm' could not be loaded
    Execution halted
Flavor: r-oldrel-windows-ix86+x86_64

Version: 0.1.1
Check: tests
Result: ERROR
     Running 'testthat.R' [1s]
    Running the tests in 'tests/testthat.R' failed.
    Complete output:
     > library(testthat)
     > library(gwdegree)
     Loading required package: ergm
     Loading required package: network
     network: Classes for Relational Data
     Version 1.15 created on 2019-04-01.
     copyright (c) 2005, Carter T. Butts, University of California-Irvine
     Mark S. Handcock, University of California -- Los Angeles
     David R. Hunter, Penn State University
     Martina Morris, University of Washington
     Skye Bender-deMoll, University of Washington
     For citation information, type citation("network").
     Type help("network-package") to get started.
    
     Error: package or namespace load failed for 'ergm' in loadNamespace(j <- i[[1L]], c(lib.loc, .libPaths()), versionCheck = vI[[j]]):
     namespace 'Matrix' 1.2-15 is being loaded, but >= 1.2.17 is required
     Error: package 'ergm' could not be loaded
     Execution halted
Flavor: r-oldrel-windows-ix86+x86_64