CRAN Package Check Results for Package gwdegree

Last updated on 2019-06-15 22:58:43 CEST.

Flavor Version Tinstall Tcheck Ttotal Status Flags
r-devel-linux-x86_64-debian-clang 0.1.1 9.09 75.72 84.81 NOTE
r-devel-linux-x86_64-debian-gcc 0.1.1 7.84 60.48 68.32 NOTE
r-devel-linux-x86_64-fedora-clang 0.1.1 104.95 NOTE
r-devel-linux-x86_64-fedora-gcc 0.1.1 100.36 NOTE
r-devel-windows-ix86+x86_64 0.1.1 34.00 134.00 168.00 NOTE
r-patched-linux-x86_64 0.1.1 10.30 73.75 84.05 NOTE
r-patched-solaris-x86 0.1.1 166.30 NOTE
r-release-linux-x86_64 0.1.1 9.67 74.95 84.62 NOTE
r-release-windows-ix86+x86_64 0.1.1 21.00 94.00 115.00 NOTE
r-release-osx-x86_64 0.1.1 OK
r-oldrel-windows-ix86+x86_64 0.1.1 13.00 131.00 144.00 OK
r-oldrel-osx-x86_64 0.1.1 OK

Check Details

Version: 0.1.1
Check: R code for possible problems
Result: NOTE
    simCCCent : <anonymous>: no visible global function definition for
     'simulate.formula'
    Undefined global functions or variables:
     simulate.formula
Flavors: r-devel-linux-x86_64-debian-clang, r-devel-linux-x86_64-debian-gcc, r-devel-linux-x86_64-fedora-clang, r-devel-linux-x86_64-fedora-gcc, r-devel-windows-ix86+x86_64, r-patched-linux-x86_64, r-patched-solaris-x86, r-release-linux-x86_64, r-release-windows-ix86+x86_64