CRAN Package Check Results for Package gyriq

Last updated on 2019-09-14 22:48:27 CEST.

Flavor Version Tinstall Tcheck Ttotal Status Flags
r-devel-linux-x86_64-debian-clang 1.0.2 7.00 74.56 81.56 NOTE
r-devel-linux-x86_64-debian-gcc 1.0.2 6.53 58.90 65.43 NOTE
r-devel-linux-x86_64-fedora-clang 1.0.2 97.49 NOTE
r-devel-linux-x86_64-fedora-gcc 1.0.2 97.35 NOTE
r-devel-windows-ix86+x86_64 1.0.2 20.00 126.00 146.00 OK
r-patched-linux-x86_64 1.0.2 6.42 73.81 80.23 OK
r-patched-solaris-x86 1.0.2 162.60 OK
r-release-linux-x86_64 1.0.2 6.79 73.66 80.45 OK
r-release-windows-ix86+x86_64 1.0.2 16.00 162.00 178.00 OK
r-release-osx-x86_64 1.0.2 OK
r-oldrel-windows-ix86+x86_64 1.0.2 13.00 123.00 136.00 OK
r-oldrel-osx-x86_64 1.0.2 OK

Check Details

Version: 1.0.2
Check: for non-standard things in the check directory
Result: NOTE
    Found the following files/directories:
     'outGyriq.out'
Flavors: r-devel-linux-x86_64-debian-clang, r-devel-linux-x86_64-debian-gcc, r-devel-linux-x86_64-fedora-clang, r-devel-linux-x86_64-fedora-gcc

Version: 1.0.2
Check: compiled code
Result: NOTE
    File ‘gyriq/libs/gyriq.so’:
     Found no calls to: ‘R_registerRoutines’, ‘R_useDynamicSymbols’
    
    It is good practice to register native routines and to disable symbol
    search.
    
    See ‘Writing portable packages’ in the ‘Writing R Extensions’ manual.
Flavors: r-devel-linux-x86_64-fedora-clang, r-devel-linux-x86_64-fedora-gcc