Last updated on 2023-06-07 22:02:44 CEST.
Flavor | Version | Tinstall | Tcheck | Ttotal | Status | Flags |
---|---|---|---|---|---|---|
r-devel-linux-x86_64-debian-clang | 1.1.1 | 31.34 | 112.72 | 144.06 | NOTE | |
r-devel-linux-x86_64-debian-gcc | 1.1.1 | 18.70 | 87.46 | 106.16 | NOTE | |
r-devel-linux-x86_64-fedora-clang | 1.1.1 | 191.96 | NOTE | |||
r-devel-linux-x86_64-fedora-gcc | 1.1.1 | 190.80 | NOTE | |||
r-devel-windows-x86_64 | 1.1.1 | 27.00 | 115.00 | 142.00 | NOTE | |
r-patched-linux-x86_64 | 1.1.1 | 24.43 | 110.93 | 135.36 | NOTE | |
r-release-linux-x86_64 | 1.1.1 | 21.45 | 109.25 | 130.70 | NOTE | |
r-release-macos-arm64 | 1.1.1 | 61.00 | NOTE | |||
r-release-macos-x86_64 | 1.1.1 | 98.00 | NOTE | |||
r-release-windows-x86_64 | 1.1.1 | 33.00 | 143.00 | 176.00 | NOTE | |
r-oldrel-macos-arm64 | 1.1.1 | 52.00 | OK | |||
r-oldrel-macos-x86_64 | 1.1.1 | 70.00 | OK | |||
r-oldrel-windows-x86_64 | 1.1.1 | 32.00 | 140.00 | 172.00 | OK |
Version: 1.1.1
Check: C++ specification
Result: NOTE
Specified C++11: please drop specification unless essential
Flavors: r-devel-linux-x86_64-debian-clang, r-devel-linux-x86_64-debian-gcc, r-devel-linux-x86_64-fedora-clang, r-devel-linux-x86_64-fedora-gcc, r-devel-windows-x86_64, r-patched-linux-x86_64, r-release-linux-x86_64, r-release-macos-arm64, r-release-macos-x86_64, r-release-windows-x86_64