Last updated on 2024-04-17 22:59:54 CEST.
Flavor | Version | Tinstall | Tcheck | Ttotal | Status | Flags |
---|---|---|---|---|---|---|
r-devel-linux-x86_64-debian-clang | 3.44.0.3 | 37.63 | 213.99 | 251.62 | OK | |
r-devel-linux-x86_64-debian-gcc | 3.44.0.3 | 25.65 | 148.39 | 174.04 | OK | |
r-devel-linux-x86_64-fedora-clang | 3.44.0.3 | 308.71 | NOTE | |||
r-devel-linux-x86_64-fedora-gcc | 3.44.0.3 | 288.36 | OK | |||
r-prerel-macos-arm64 | 3.44.0.3 | 99.00 | NOTE | |||
r-prerel-windows-x86_64 | 3.44.0.3 | 60.00 | 233.00 | 293.00 | NOTE | |
r-patched-linux-x86_64 | 3.44.0.3 | 46.69 | 196.79 | 243.48 | OK | |
r-release-linux-x86_64 | 3.44.0.3 | 35.70 | 198.42 | 234.12 | OK | |
r-release-macos-arm64 | 3.44.0.3 | 120.00 | NOTE | |||
r-release-macos-x86_64 | 3.44.0.3 | 244.00 | NOTE | |||
r-release-windows-x86_64 | 3.44.0.3 | 170.00 | 284.00 | 454.00 | NOTE | |
r-oldrel-macos-arm64 | 3.44.0.3 | 122.00 | NOTE | |||
r-oldrel-windows-x86_64 | 3.44.0.3 | 82.00 | 202.00 | 284.00 | NOTE |
Version: 3.44.0.3
Check: installed package size
Result: NOTE
installed size is 267.8Mb
sub-directories of 1Mb or more:
R 1.5Mb
help 1.0Mb
java 264.7Mb
Flavors: r-devel-linux-x86_64-fedora-clang, r-prerel-macos-arm64, r-prerel-windows-x86_64, r-release-macos-arm64, r-release-macos-x86_64, r-release-windows-x86_64, r-oldrel-macos-arm64, r-oldrel-windows-x86_64