Last updated on 2024-04-18 22:52:44 CEST.
Flavor | Version | Tinstall | Tcheck | Ttotal | Status | Flags |
---|---|---|---|---|---|---|
r-devel-linux-x86_64-debian-clang | 1.0 | 12.03 | 104.36 | 116.39 | NOTE | |
r-devel-linux-x86_64-debian-gcc | 1.0 | 8.38 | 77.42 | 85.80 | NOTE | |
r-devel-linux-x86_64-fedora-clang | 1.0 | 147.05 | NOTE | |||
r-devel-linux-x86_64-fedora-gcc | 1.0 | 138.52 | NOTE | |||
r-prerel-macos-arm64 | 1.0 | 41.00 | NOTE | |||
r-prerel-macos-x86_64 | 1.0 | 82.00 | NOTE | |||
r-prerel-windows-x86_64 | 1.0 | 11.00 | 86.00 | 97.00 | NOTE | |
r-patched-linux-x86_64 | 1.0 | 10.64 | 100.53 | 111.17 | NOTE | |
r-release-linux-x86_64 | 1.0 | 9.74 | 97.72 | 107.46 | NOTE | |
r-release-macos-arm64 | 1.0 | 47.00 | NOTE | |||
r-release-macos-x86_64 | 1.0 | 67.00 | NOTE | |||
r-release-windows-x86_64 | 1.0 | 14.00 | 104.00 | 118.00 | NOTE | |
r-oldrel-macos-arm64 | 1.0 | 41.00 | NOTE | |||
r-oldrel-windows-x86_64 | 1.0 | 15.00 | 107.00 | 122.00 | NOTE |
Version: 1.0
Check: LazyData
Result: NOTE
'LazyData' is specified without a 'data' directory
Flavors: r-devel-linux-x86_64-debian-clang, r-devel-linux-x86_64-debian-gcc, r-devel-linux-x86_64-fedora-clang, r-devel-linux-x86_64-fedora-gcc, r-prerel-macos-arm64, r-prerel-macos-x86_64, r-prerel-windows-x86_64, r-patched-linux-x86_64, r-release-linux-x86_64, r-release-macos-arm64, r-release-macos-x86_64, r-release-windows-x86_64, r-oldrel-macos-arm64, r-oldrel-windows-x86_64