Last updated on 2023-12-01 21:54:07 CET.
Flavor | Version | Tinstall | Tcheck | Ttotal | Status | Flags |
---|---|---|---|---|---|---|
r-devel-linux-x86_64-debian-clang | 1.0 | 11.37 | 104.79 | 116.16 | NOTE | |
r-devel-linux-x86_64-debian-gcc | 1.0 | 8.00 | 77.05 | 85.05 | NOTE | |
r-devel-linux-x86_64-fedora-clang | 1.0 | 150.65 | NOTE | |||
r-devel-linux-x86_64-fedora-gcc | 1.0 | 142.71 | NOTE | |||
r-devel-windows-x86_64 | 1.0 | 11.00 | 90.00 | 101.00 | NOTE | |
r-patched-linux-x86_64 | 1.0 | 10.61 | 97.76 | 108.37 | NOTE | |
r-release-linux-x86_64 | 1.0 | 10.40 | 97.19 | 107.59 | NOTE | |
r-release-macos-arm64 | 1.0 | 47.00 | NOTE | |||
r-release-macos-x86_64 | 1.0 | 67.00 | NOTE | |||
r-release-windows-x86_64 | 1.0 | 13.00 | 105.00 | 118.00 | NOTE | |
r-oldrel-macos-arm64 | 1.0 | 41.00 | NOTE | |||
r-oldrel-macos-x86_64 | 1.0 | 81.00 | NOTE | |||
r-oldrel-windows-x86_64 | 1.0 | 15.00 | 106.00 | 121.00 | NOTE |
Version: 1.0
Check: LazyData
Result: NOTE
'LazyData' is specified without a 'data' directory
Flavors: r-devel-linux-x86_64-debian-clang, r-devel-linux-x86_64-debian-gcc, r-devel-linux-x86_64-fedora-clang, r-devel-linux-x86_64-fedora-gcc, r-devel-windows-x86_64, r-patched-linux-x86_64, r-release-linux-x86_64, r-release-macos-arm64, r-release-macos-x86_64, r-release-windows-x86_64, r-oldrel-macos-arm64, r-oldrel-macos-x86_64, r-oldrel-windows-x86_64