Last updated on 2023-12-03 22:57:09 CET.
Flavor | Version | Tinstall | Tcheck | Ttotal | Status | Flags |
---|---|---|---|---|---|---|
r-devel-linux-x86_64-debian-clang | 0.0-4 | 37.22 | 26.32 | 63.54 | OK | |
r-devel-linux-x86_64-debian-gcc | 0.0-4 | 26.34 | 20.59 | 46.93 | OK | |
r-devel-linux-x86_64-fedora-clang | 0.0-4 | 92.43 | NOTE | |||
r-devel-linux-x86_64-fedora-gcc | 0.0-4 | 91.09 | NOTE | |||
r-devel-windows-x86_64 | 0.0-4 | 33.00 | 60.00 | 93.00 | OK | |
r-patched-linux-x86_64 | 0.0-4 | 34.17 | 26.28 | 60.45 | OK | |
r-release-linux-x86_64 | 0.0-4 | 32.13 | 26.33 | 58.46 | OK | |
r-release-macos-arm64 | 0.0-4 | 29.00 | OK | |||
r-release-macos-x86_64 | 0.0-4 | 44.00 | OK | |||
r-release-windows-x86_64 | 0.0-4 | 39.00 | 68.00 | 107.00 | OK | |
r-oldrel-macos-arm64 | 0.0-4 | 26.00 | OK | |||
r-oldrel-macos-x86_64 | 0.0-4 | 36.00 | OK | |||
r-oldrel-windows-x86_64 | 0.0-4 | 38.00 | 66.00 | 104.00 | OK |
Version: 0.0-4
Check: compiled code
Result: NOTE
File ‘hawkes/libs/hawkes.so’:
Found no calls to: ‘R_registerRoutines’, ‘R_useDynamicSymbols’
It is good practice to register native routines and to disable symbol
search.
See ‘Writing portable packages’ in the ‘Writing R Extensions’ manual.
Flavors: r-devel-linux-x86_64-fedora-clang, r-devel-linux-x86_64-fedora-gcc