Last updated on 2023-11-27 23:11:39 CET.
Flavor | Version | Tinstall | Tcheck | Ttotal | Status | Flags |
---|---|---|---|---|---|---|
r-devel-linux-x86_64-debian-clang | 1.0.2 | 157.57 | 102.80 | 260.37 | NOTE | |
r-devel-linux-x86_64-debian-gcc | 1.0.2 | 113.36 | 79.08 | 192.44 | NOTE | |
r-devel-linux-x86_64-fedora-clang | 1.0.2 | 377.42 | NOTE | |||
r-devel-linux-x86_64-fedora-gcc | 1.0.2 | 384.04 | NOTE | |||
r-devel-windows-x86_64 | 1.0.2 | 117.00 | 123.00 | 240.00 | NOTE | |
r-patched-linux-x86_64 | 1.0.2 | 120.81 | 99.76 | 220.57 | NOTE | |
r-release-linux-x86_64 | 1.0.2 | 95.97 | 99.59 | 195.56 | NOTE | |
r-release-macos-arm64 | 1.0.2 | 94.00 | NOTE | |||
r-release-macos-x86_64 | 1.0.2 | 181.00 | NOTE | |||
r-release-windows-x86_64 | 1.0.2 | 147.00 | 141.00 | 288.00 | NOTE | |
r-oldrel-macos-arm64 | 1.0.2 | 80.00 | NOTE | |||
r-oldrel-macos-x86_64 | 1.0.2 | 128.00 | NOTE | |||
r-oldrel-windows-x86_64 | 1.0.2 | 147.00 | 133.00 | 280.00 | OK |
Version: 1.0.2
Check: C++ specification
Result: NOTE
Specified C++11: please drop specification unless essential
Flavors: r-devel-linux-x86_64-debian-clang, r-devel-linux-x86_64-debian-gcc, r-devel-linux-x86_64-fedora-clang, r-devel-linux-x86_64-fedora-gcc, r-devel-windows-x86_64, r-patched-linux-x86_64, r-release-linux-x86_64, r-release-macos-arm64, r-release-macos-x86_64, r-release-windows-x86_64
Version: 1.0.2
Check: installed package size
Result: NOTE
installed size is 12.4Mb
sub-directories of 1Mb or more:
libs 11.9Mb
Flavors: r-release-macos-arm64, r-release-macos-x86_64, r-oldrel-macos-arm64, r-oldrel-macos-x86_64