CRAN Package Check Results for Package hbamr

Last updated on 2024-07-23 22:49:40 CEST.

Flavor Version Tinstall Tcheck Ttotal Status Flags
r-devel-linux-x86_64-debian-clang 2.3.1 1559.33 215.54 1774.87 NOTE
r-devel-linux-x86_64-debian-gcc 2.3.1 1255.81 246.70 1502.51 NOTE
r-devel-linux-x86_64-fedora-clang 2.3.1 2170.30 NOTE
r-devel-linux-x86_64-fedora-gcc 2.3.1 3224.67 NOTE
r-devel-windows-x86_64 2.3.1 1139.00 280.00 1419.00 NOTE
r-patched-linux-x86_64 2.3.1 1071.36 312.30 1383.66 NOTE
r-release-linux-x86_64 2.3.1 1118.94 319.75 1438.69 NOTE
r-release-macos-arm64 2.3.1 631.00 NOTE
r-release-macos-x86_64 2.3.1 548.00 NOTE
r-release-windows-x86_64 2.3.1 1141.00 275.00 1416.00 NOTE
r-oldrel-macos-arm64 2.3.1 568.00 NOTE
r-oldrel-macos-x86_64 2.3.1 528.00 NOTE
r-oldrel-windows-x86_64 2.3.1 1489.00 322.00 1811.00 NOTE

Check Details

Version: 2.3.1
Check: for GNU extensions in Makefiles
Result: NOTE GNU make is a SystemRequirements. Flavors: r-devel-linux-x86_64-debian-clang, r-devel-linux-x86_64-debian-gcc, r-devel-linux-x86_64-fedora-clang, r-devel-linux-x86_64-fedora-gcc, r-devel-windows-x86_64, r-patched-linux-x86_64, r-release-linux-x86_64, r-release-macos-arm64, r-release-macos-x86_64, r-release-windows-x86_64, r-oldrel-macos-arm64, r-oldrel-macos-x86_64, r-oldrel-windows-x86_64

Version: 2.3.1
Check: installed package size
Result: NOTE installed size is 15.0Mb sub-directories of 1Mb or more: libs 13.3Mb Flavors: r-devel-linux-x86_64-fedora-clang, r-devel-windows-x86_64, r-release-macos-arm64, r-release-macos-x86_64, r-release-windows-x86_64, r-oldrel-macos-arm64, r-oldrel-macos-x86_64, r-oldrel-windows-x86_64