Last updated on 2023-12-04 22:57:41 CET.
Flavor | Version | Tinstall | Tcheck | Ttotal | Status | Flags |
---|---|---|---|---|---|---|
r-devel-linux-x86_64-debian-clang | 1.2.0 | 1648.31 | 199.66 | 1847.97 | NOTE | |
r-devel-linux-x86_64-debian-gcc | 1.2.0 | 1204.79 | 213.81 | 1418.60 | NOTE | |
r-devel-linux-x86_64-fedora-clang | 1.2.0 | 2185.99 | NOTE | |||
r-devel-linux-x86_64-fedora-gcc | 1.2.0 | 2527.32 | NOTE | |||
r-devel-windows-x86_64 | 1.2.0 | 1073.00 | 244.00 | 1317.00 | NOTE | |
r-patched-linux-x86_64 | 1.2.0 | 959.70 | 277.67 | 1237.37 | NOTE | |
r-release-linux-x86_64 | 1.2.0 | 1061.71 | 278.99 | 1340.70 | NOTE | |
r-release-macos-arm64 | 1.2.0 | 661.00 | NOTE | |||
r-release-macos-x86_64 | 1.2.0 | 575.00 | NOTE | |||
r-release-windows-x86_64 | 1.2.0 | 1336.00 | 307.00 | 1643.00 | NOTE | |
r-oldrel-macos-arm64 | 1.2.0 | 554.00 | NOTE | |||
r-oldrel-macos-x86_64 | 1.2.0 | 870.00 | NOTE | |||
r-oldrel-windows-x86_64 | 1.2.0 | 1283.00 | 275.00 | 1558.00 | NOTE |
Version: 1.2.0
Check: for GNU extensions in Makefiles
Result: NOTE
GNU make is a SystemRequirements.
Flavors: r-devel-linux-x86_64-debian-clang, r-devel-linux-x86_64-debian-gcc, r-devel-linux-x86_64-fedora-clang, r-devel-linux-x86_64-fedora-gcc, r-devel-windows-x86_64, r-patched-linux-x86_64, r-release-linux-x86_64, r-release-macos-arm64, r-release-macos-x86_64, r-release-windows-x86_64, r-oldrel-macos-arm64, r-oldrel-macos-x86_64, r-oldrel-windows-x86_64
Version: 1.2.0
Check: installed package size
Result: NOTE
installed size is 15.3Mb
sub-directories of 1Mb or more:
libs 13.6Mb
Flavors: r-devel-linux-x86_64-fedora-clang, r-devel-windows-x86_64, r-release-macos-arm64, r-release-macos-x86_64, r-release-windows-x86_64, r-oldrel-macos-arm64, r-oldrel-macos-x86_64, r-oldrel-windows-x86_64