Last updated on 2024-04-18 22:52:44 CEST.
Flavor | Version | Tinstall | Tcheck | Ttotal | Status | Flags |
---|---|---|---|---|---|---|
r-devel-linux-x86_64-debian-clang | 0.1-9 | 13.29 | 204.79 | 218.08 | NOTE | |
r-devel-linux-x86_64-debian-gcc | 0.1-9 | 7.90 | 144.51 | 152.41 | NOTE | |
r-devel-linux-x86_64-fedora-clang | 0.1-9 | 259.41 | NOTE | |||
r-devel-linux-x86_64-fedora-gcc | 0.1-9 | 250.32 | NOTE | |||
r-prerel-macos-arm64 | 0.1-9 | 68.00 | NOTE | |||
r-prerel-windows-x86_64 | 0.1-9 | 10.00 | 162.00 | 172.00 | NOTE | |
r-patched-linux-x86_64 | 0.1-9 | 13.33 | 190.07 | 203.40 | NOTE | |
r-release-linux-x86_64 | 0.1-9 | 8.60 | 196.89 | 205.49 | OK | |
r-release-macos-arm64 | 0.1-9 | 79.00 | OK | |||
r-release-macos-x86_64 | 0.1-9 | 135.00 | OK | |||
r-release-windows-x86_64 | 0.1-9 | 14.00 | 203.00 | 217.00 | OK | |
r-oldrel-macos-arm64 | 0.1-9 | 76.00 | OK | |||
r-oldrel-windows-x86_64 | 0.1-9 | 14.00 | 211.00 | 225.00 | OK |
Version: 0.1-9
Check: Rd files
Result: NOTE
checkRd: (-1) lasso.proj.Rd:62: Lost braces; missing escapes or markup?
62 | indicated using an index vector with entries in {1,...,p} or a list thereof.}
| ^
Flavors: r-devel-linux-x86_64-debian-clang, r-devel-linux-x86_64-debian-gcc, r-devel-linux-x86_64-fedora-clang, r-devel-linux-x86_64-fedora-gcc, r-prerel-macos-arm64, r-prerel-windows-x86_64, r-patched-linux-x86_64