Last updated on 2024-04-17 22:59:54 CEST.
Flavor | Version | Tinstall | Tcheck | Ttotal | Status | Flags |
---|---|---|---|---|---|---|
r-devel-linux-x86_64-debian-clang | 0.1.0 | 8.87 | 71.21 | 80.08 | NOTE | |
r-devel-linux-x86_64-debian-gcc | 0.1.0 | 5.14 | 50.37 | 55.51 | NOTE | |
r-devel-linux-x86_64-fedora-clang | 0.1.0 | 95.08 | NOTE | |||
r-devel-linux-x86_64-fedora-gcc | 0.1.0 | 87.90 | NOTE | |||
r-prerel-macos-arm64 | 0.1.0 | 30.00 | NOTE | |||
r-prerel-windows-x86_64 | 0.1.0 | 9.00 | 63.00 | 72.00 | NOTE | |
r-patched-linux-x86_64 | 0.1.0 | 5.99 | 66.18 | 72.17 | NOTE | |
r-release-linux-x86_64 | 0.1.0 | 5.96 | 66.50 | 72.46 | NOTE | |
r-release-macos-arm64 | 0.1.0 | 32.00 | NOTE | |||
r-release-macos-x86_64 | 0.1.0 | 46.00 | NOTE | |||
r-release-windows-x86_64 | 0.1.0 | 10.00 | 75.00 | 85.00 | NOTE | |
r-oldrel-macos-arm64 | 0.1.0 | 27.00 | NOTE | |||
r-oldrel-windows-x86_64 | 0.1.0 | 11.00 | 82.00 | 93.00 | NOTE |
Version: 0.1.0
Check: LazyData
Result: NOTE
'LazyData' is specified without a 'data' directory
Flavors: r-devel-linux-x86_64-debian-clang, r-devel-linux-x86_64-debian-gcc, r-devel-linux-x86_64-fedora-clang, r-devel-linux-x86_64-fedora-gcc, r-prerel-macos-arm64, r-prerel-windows-x86_64, r-patched-linux-x86_64, r-release-linux-x86_64, r-release-macos-arm64, r-release-macos-x86_64, r-release-windows-x86_64, r-oldrel-macos-arm64, r-oldrel-windows-x86_64