CRAN Package Check Results for Package heatmaply

Last updated on 2019-06-23 22:48:48 CEST.

Flavor Version Tinstall Tcheck Ttotal Status Flags
r-devel-linux-x86_64-debian-clang 0.16.0 7.79 283.61 291.40 OK
r-devel-linux-x86_64-debian-gcc 0.16.0 6.37 316.87 323.24 OK
r-devel-linux-x86_64-fedora-clang 0.16.0 273.75 NOTE
r-devel-linux-x86_64-fedora-gcc 0.16.0 282.20 OK
r-devel-windows-ix86+x86_64 0.16.0 34.00 223.00 257.00 NOTE
r-patched-linux-x86_64 0.16.0 7.83 271.90 279.73 OK
r-patched-solaris-x86 0.16.0 262.70 WARN
r-release-linux-x86_64 0.16.0 8.17 278.87 287.04 OK
r-release-windows-ix86+x86_64 0.16.0 19.00 328.00 347.00 NOTE
r-release-osx-x86_64 0.16.0 WARN
r-oldrel-windows-ix86+x86_64 0.16.0 13.00 316.00 329.00 NOTE
r-oldrel-osx-x86_64 0.16.0 WARN

Check Details

Version: 0.16.0
Check: installed package size
Result: NOTE
     installed size is 5.9Mb
     sub-directories of 1Mb or more:
     doc 5.5Mb
Flavors: r-devel-linux-x86_64-fedora-clang, r-devel-windows-ix86+x86_64, r-patched-solaris-x86, r-release-windows-ix86+x86_64, r-release-osx-x86_64, r-oldrel-windows-ix86+x86_64, r-oldrel-osx-x86_64

Version: 0.16.0
Check: re-building of vignette outputs
Result: WARN
    Error(s) in re-building vignettes:
     ...
    --- re-building ‘heatmaply.Rmd’ using rmarkdown
    Warning in engine$weave(file, quiet = quiet, encoding = enc) :
     Pandoc (>= 1.12.3) and/or pandoc-citeproc not available. Falling back to R Markdown v1.
    Loading required package: plotly
    Loading required package: ggplot2
    
    Attaching package: 'plotly'
    
    The following object is masked from 'package:ggplot2':
    
     last_plot
    
    The following object is masked from 'package:stats':
    
     filter
    
    The following object is masked from 'package:graphics':
    
     layout
    
    Loading required package: viridis
    Loading required package: viridisLite
    
    ======================
    Welcome to heatmaply version 0.16.0
    
    Type citation('heatmaply') for how to cite the package.
    Type ?heatmaply for the main documentation.
    
    The github page is: https://github.com/talgalili/heatmaply/
    Please submit your suggestions and bug-reports at: https://github.com/talgalili/heatmaply/issues
    Or contact: <tal.galili@gmail.com>
    ======================
    
    Quitting from lines 88-90 (heatmaply.Rmd)
    Error: processing vignette 'heatmaply.Rmd' failed with diagnostics:
    cannot open the connection
    --- failed re-building ‘heatmaply.Rmd’
    
    SUMMARY: processing the following file failed:
     ‘heatmaply.Rmd’
    
    Error: Vignette re-building failed.
    Execution halted
Flavor: r-patched-solaris-x86

Version: 0.16.0
Check: re-building of vignette outputs
Result: WARN
    Error(s) in re-building vignettes:
    --- re-building ‘heatmaply.Rmd’ using rmarkdown
    Warning in engine$weave(file, quiet = quiet, encoding = enc) :
     Pandoc (>= 1.12.3) and/or pandoc-citeproc not available. Falling back to R Markdown v1.
    Loading required package: plotly
    Loading required package: ggplot2
    
    Attaching package: 'plotly'
    
    The following object is masked from 'package:ggplot2':
    
     last_plot
    
    The following object is masked from 'package:stats':
    
     filter
    
    The following object is masked from 'package:graphics':
    
     layout
    
    Loading required package: viridis
    Loading required package: viridisLite
    
    ======================
    Welcome to heatmaply version 0.16.0
    
    Type citation('heatmaply') for how to cite the package.
    Type ?heatmaply for the main documentation.
    
    The github page is: https://github.com/talgalili/heatmaply/
    Please submit your suggestions and bug-reports at: https://github.com/talgalili/heatmaply/issues
    Or contact: <tal.galili@gmail.com>
    ======================
    
    Quitting from lines 88-90 (heatmaply.Rmd)
    Error: processing vignette 'heatmaply.Rmd' failed with diagnostics:
    cannot open the connection
    --- failed re-building ‘heatmaply.Rmd’
    
    SUMMARY: processing the following file failed:
     ‘heatmaply.Rmd’
    
    Error: Vignette re-building failed.
    Execution halted
Flavor: r-release-osx-x86_64

Version: 0.16.0
Check: dependencies in R code
Result: NOTE
    Missing or unexported object: ‘plotly::orca’
Flavor: r-oldrel-osx-x86_64

Version: 0.16.0
Check: re-building of vignette outputs
Result: WARN
    Error in re-building vignettes:
     ...
    
     filter
    
    The following object is masked from 'package:graphics':
    
     layout
    
    Loading required package: viridis
    Loading required package: viridisLite
    
    ======================
    Welcome to heatmaply version 0.16.0
    
    Type citation('heatmaply') for how to cite the package.
    Type ?heatmaply for the main documentation.
    
    The github page is: https://github.com/talgalili/heatmaply/
    Please submit your suggestions and bug-reports at: https://github.com/talgalili/heatmaply/issues
    Or contact: <tal.galili@gmail.com>
    ======================
    
    Quitting from lines 88-90 (heatmaply.Rmd)
    Error: processing vignette 'heatmaply.Rmd' failed with diagnostics:
    cannot open the connection
    Execution halted
Flavor: r-oldrel-osx-x86_64