Last updated on 2023-06-07 22:02:44 CEST.
Flavor | Version | Tinstall | Tcheck | Ttotal | Status | Flags |
---|---|---|---|---|---|---|
r-devel-linux-x86_64-debian-clang | 0.6.0 | 2.31 | 33.55 | 35.86 | NOTE | |
r-devel-linux-x86_64-debian-gcc | 0.6.0 | 1.70 | 26.06 | 27.76 | NOTE | |
r-devel-linux-x86_64-fedora-clang | 0.6.0 | 45.10 | NOTE | |||
r-devel-linux-x86_64-fedora-gcc | 0.6.0 | 54.36 | NOTE | |||
r-devel-windows-x86_64 | 0.6.0 | 8.00 | 50.00 | 58.00 | NOTE | |
r-patched-linux-x86_64 | 0.6.0 | 3.04 | 34.09 | 37.13 | NOTE | |
r-release-linux-x86_64 | 0.6.0 | 2.46 | 32.82 | 35.28 | NOTE | |
r-release-macos-arm64 | 0.6.0 | 23.00 | NOTE | |||
r-release-macos-x86_64 | 0.6.0 | 37.00 | NOTE | |||
r-release-windows-x86_64 | 0.6.0 | 5.00 | 52.00 | 57.00 | NOTE | |
r-oldrel-macos-arm64 | 0.6.0 | 20.00 | NOTE | |||
r-oldrel-macos-x86_64 | 0.6.0 | 27.00 | NOTE | |||
r-oldrel-windows-x86_64 | 0.6.0 | 5.00 | 53.00 | 58.00 | NOTE |
Version: 0.6.0
Check: LazyData
Result: NOTE
'LazyData' is specified without a 'data' directory
Flavors: r-devel-linux-x86_64-debian-clang, r-devel-linux-x86_64-debian-gcc, r-devel-linux-x86_64-fedora-clang, r-devel-linux-x86_64-fedora-gcc, r-devel-windows-x86_64, r-patched-linux-x86_64, r-release-linux-x86_64, r-release-macos-arm64, r-release-macos-x86_64, r-release-windows-x86_64, r-oldrel-macos-arm64, r-oldrel-macos-x86_64, r-oldrel-windows-x86_64
Version: 0.6.0
Check: Rd cross-references
Result: NOTE
Undeclared package ‘tibble’ in Rd xrefs
Flavor: r-devel-linux-x86_64-fedora-clang