CRAN Package Check Results for Package helda

Last updated on 2021-04-13 22:53:44 CEST.

Flavor Version Tinstall Tcheck Ttotal Status Flags
r-devel-linux-x86_64-debian-clang 1.1.5 6.22 72.63 78.85 OK
r-devel-linux-x86_64-debian-gcc 1.1.5 5.85 52.41 58.26 OK
r-devel-linux-x86_64-fedora-clang 1.1.5 100.41 NOTE
r-devel-linux-x86_64-fedora-gcc 1.1.5 87.51 NOTE
r-devel-windows-ix86+x86_64 1.1.5 18.00 91.00 109.00 OK
r-devel-windows-x86_64-gcc10-UCRT 1.1.5 NOTE
r-patched-linux-x86_64 1.1.5 6.64 68.97 75.61 OK
r-patched-solaris-x86 1.1.5 134.60 NOTE
r-release-linux-x86_64 1.1.5 6.46 67.14 73.60 OK
r-release-macos-x86_64 1.1.5 NOTE
r-release-windows-ix86+x86_64 1.1.5 13.00 96.00 109.00 OK
r-oldrel-macos-x86_64 1.1.5 NOTE
r-oldrel-windows-ix86+x86_64 1.1.5 15.00 66.00 81.00 OK

Check Details

Version: 1.1.5
Check: data for non-ASCII characters
Result: NOTE
     Note: found 1 marked UTF-8 string
Flavors: r-devel-linux-x86_64-fedora-clang, r-devel-linux-x86_64-fedora-gcc, r-patched-solaris-x86, r-release-macos-x86_64, r-oldrel-macos-x86_64

Version: 1.1.5
Check: data for non-ASCII characters
Result: NOTE
     Note: found 1 marked Latin-1 string
Flavor: r-devel-windows-x86_64-gcc10-UCRT