CRAN Package Check Results for Package hesim

Last updated on 2021-04-16 22:50:59 CEST.

Flavor Version Tinstall Tcheck Ttotal Status Flags
r-devel-linux-x86_64-debian-clang 0.5.0 365.86 420.12 785.98 OK
r-devel-linux-x86_64-debian-gcc 0.5.0 273.10 297.26 570.36 OK
r-devel-linux-x86_64-fedora-clang 0.5.0 996.32 NOTE
r-devel-linux-x86_64-fedora-gcc 0.5.0 963.07 NOTE
r-devel-windows-ix86+x86_64 0.5.0 838.00 634.00 1472.00 NOTE
r-devel-windows-x86_64-gcc10-UCRT 0.5.0 NOTE
r-patched-linux-x86_64 0.5.0 316.03 372.87 688.90 OK
r-patched-solaris-x86 0.5.0 1102.30 NOTE
r-release-linux-x86_64 0.5.0 323.72 372.17 695.89 OK
r-release-macos-x86_64 0.5.0 NOTE
r-release-windows-ix86+x86_64 0.5.0 839.00 612.00 1451.00 NOTE
r-oldrel-macos-x86_64 0.5.0 NOTE
r-oldrel-windows-ix86+x86_64 0.5.0 558.00 543.00 1101.00 NOTE

Check Details

Version: 0.5.0
Check: installed package size
Result: NOTE
     installed size is 29.6Mb
     sub-directories of 1Mb or more:
     doc 2.2Mb
     libs 25.6Mb
Flavors: r-devel-linux-x86_64-fedora-clang, r-devel-windows-ix86+x86_64, r-patched-solaris-x86, r-release-macos-x86_64, r-release-windows-ix86+x86_64, r-oldrel-macos-x86_64, r-oldrel-windows-ix86+x86_64

Version: 0.5.0
Check: dependencies in R code
Result: NOTE
    Namespace in Imports field not imported from: ‘R6’
     All declared Imports should be used.
Flavors: r-devel-linux-x86_64-fedora-clang, r-devel-linux-x86_64-fedora-gcc, r-devel-windows-x86_64-gcc10-UCRT, r-patched-solaris-x86, r-release-macos-x86_64, r-oldrel-macos-x86_64