CRAN Package Check Results for Package hillR

Last updated on 2023-06-09 22:58:28 CEST.

Flavor Version Tinstall Tcheck Ttotal Status Flags
r-devel-linux-x86_64-debian-clang 0.5.1 3.72 44.59 48.31 NOTE
r-devel-linux-x86_64-debian-gcc 0.5.1 2.32 33.87 36.19 NOTE
r-devel-linux-x86_64-fedora-clang 0.5.1 60.46 NOTE
r-devel-linux-x86_64-fedora-gcc 0.5.1 55.13 NOTE
r-devel-windows-x86_64 0.5.1 6.00 55.00 61.00 NOTE
r-patched-linux-x86_64 0.5.1 3.22 41.54 44.76 NOTE
r-release-linux-x86_64 0.5.1 3.76 42.45 46.21 NOTE
r-release-macos-arm64 0.5.1 23.00 NOTE
r-release-macos-x86_64 0.5.1 30.00 NOTE
r-release-windows-x86_64 0.5.1 6.00 61.00 67.00 NOTE
r-oldrel-macos-arm64 0.5.1 19.00 NOTE
r-oldrel-macos-x86_64 0.5.1 29.00 NOTE
r-oldrel-windows-x86_64 0.5.1 5.00 66.00 71.00 NOTE

Check Details

Version: 0.5.1
Check: LazyData
Result: NOTE
     'LazyData' is specified without a 'data' directory
Flavors: r-devel-linux-x86_64-debian-clang, r-devel-linux-x86_64-debian-gcc, r-devel-linux-x86_64-fedora-clang, r-devel-linux-x86_64-fedora-gcc, r-devel-windows-x86_64, r-patched-linux-x86_64, r-release-linux-x86_64, r-release-macos-arm64, r-release-macos-x86_64, r-release-windows-x86_64, r-oldrel-macos-arm64, r-oldrel-macos-x86_64, r-oldrel-windows-x86_64

Version: 0.5.1
Check: package dependencies
Result: NOTE
    Package suggested but not available for checking: ‘betapart’
Flavor: r-release-macos-x86_64