CRAN Package Check Results for Package hillR

Last updated on 2021-04-16 22:50:59 CEST.

Flavor Version Tinstall Tcheck Ttotal Status Flags
r-devel-linux-x86_64-debian-clang 0.5.1 3.73 41.95 45.68 NOTE
r-devel-linux-x86_64-debian-gcc 0.5.1 2.74 32.69 35.43 NOTE
r-devel-linux-x86_64-fedora-clang 0.5.1 66.75 NOTE
r-devel-linux-x86_64-fedora-gcc 0.5.1 53.94 NOTE
r-devel-windows-ix86+x86_64 0.5.1 8.00 65.00 73.00 NOTE
r-devel-windows-x86_64-gcc10-UCRT 0.5.1 NOTE
r-patched-linux-x86_64 0.5.1 3.49 40.20 43.69 OK
r-patched-solaris-x86 0.5.1 82.80 OK
r-release-linux-x86_64 0.5.1 3.66 40.85 44.51 OK
r-release-macos-x86_64 0.5.1 OK
r-release-windows-ix86+x86_64 0.5.1 18.00 71.00 89.00 OK
r-oldrel-macos-x86_64 0.5.1 OK
r-oldrel-windows-ix86+x86_64 0.5.1 4.00 55.00 59.00 OK

Check Details

Version: 0.5.1
Check: LazyData
Result: NOTE
     'LazyData' is specified without a 'data' directory
Flavors: r-devel-linux-x86_64-debian-clang, r-devel-linux-x86_64-debian-gcc, r-devel-linux-x86_64-fedora-clang, r-devel-linux-x86_64-fedora-gcc, r-devel-windows-ix86+x86_64, r-devel-windows-x86_64-gcc10-UCRT