Last updated on 2024-05-03 22:53:14 CEST.
Flavor | Version | Tinstall | Tcheck | Ttotal | Status | Flags |
---|---|---|---|---|---|---|
r-devel-linux-x86_64-debian-clang | 1.0-0 | 5.20 | 59.35 | 64.55 | NOTE | |
r-devel-linux-x86_64-fedora-clang | 1.0-0 | 80.30 | NOTE | |||
r-devel-linux-x86_64-fedora-gcc | 1.0-0 | 75.39 | NOTE | |||
r-devel-windows-x86_64 | 1.0-0 | 5.00 | 70.00 | 75.00 | NOTE | |
r-patched-linux-x86_64 | 1.0-0 | 5.83 | 58.27 | 64.10 | NOTE | |
r-release-linux-x86_64 | 1.0-0 | 5.00 | 58.40 | 63.40 | NOTE | |
r-release-macos-arm64 | 1.0-0 | 26.00 | NOTE | |||
r-release-windows-x86_64 | 1.0-0 | 5.00 | 68.00 | 73.00 | NOTE | |
r-oldrel-macos-arm64 | 1.0-0 | 29.00 | NOTE | |||
r-oldrel-macos-x86_64 | 1.0-0 | 44.00 | NOTE | |||
r-oldrel-windows-x86_64 | 1.0-0 | 6.00 | 77.00 | 83.00 | NOTE |
Version: 1.0-0
Check: Rd files
Result: NOTE
checkRd: (-1) disc42.Rd:28: Escaped LaTeX specials: \&
checkRd: (-1) discrimination.Rd:31: Escaped LaTeX specials: \&
Flavors: r-devel-linux-x86_64-debian-clang, r-devel-linux-x86_64-fedora-clang, r-devel-linux-x86_64-fedora-gcc, r-devel-windows-x86_64, r-patched-linux-x86_64, r-release-linux-x86_64, r-release-macos-arm64, r-release-windows-x86_64, r-oldrel-macos-arm64, r-oldrel-macos-x86_64, r-oldrel-windows-x86_64