Last updated on 2023-03-19 22:57:35 CET.
Flavor | Version | Tinstall | Tcheck | Ttotal | Status | Flags |
---|---|---|---|---|---|---|
r-devel-linux-x86_64-debian-clang | 1.1.2 | WARN | ||||
r-devel-linux-x86_64-debian-gcc | 1.1.2 | 3.15 | 29.90 | 33.05 | WARN | |
r-devel-linux-x86_64-fedora-clang | 1.1.2 | 58.28 | WARN | |||
r-devel-linux-x86_64-fedora-gcc | 1.1.2 | 56.48 | WARN | |||
r-patched-linux-x86_64 | 1.1.2 | 7.27 | 38.05 | 45.32 | OK | |
r-release-linux-x86_64 | 1.1.2 | 3.77 | 38.03 | 41.80 | OK | |
r-release-macos-arm64 | 1.1.2 | 20.00 | OK | |||
r-release-macos-x86_64 | 1.1.2 | 28.00 | OK | |||
r-release-windows-x86_64 | 1.1.2 | 32.00 | 73.00 | 105.00 | OK | |
r-oldrel-macos-arm64 | 1.1.2 | 24.00 | OK | |||
r-oldrel-macos-x86_64 | 1.1.2 | 31.00 | OK | |||
r-oldrel-windows-ix86+x86_64 | 1.1.2 | 9.00 | 67.00 | 76.00 | OK |
Version: 1.1.2
Check: S3 generic/method consistency
Result: WARN
vec_ptype_abbr:
function(x, ..., prefix_named, suffix_shape)
vec_ptype_abbr.hms:
function(x)
vec_ptype_full:
function(x, ...)
vec_ptype_full.hms:
function(x)
See section ‘Generic functions and methods’ in the ‘Writing R
Extensions’ manual.
Flavors: r-devel-linux-x86_64-debian-clang, r-devel-linux-x86_64-debian-gcc, r-devel-linux-x86_64-fedora-clang, r-devel-linux-x86_64-fedora-gcc