Last updated on 2023-04-01 22:53:43 CEST.
Flavor | Version | Tinstall | Tcheck | Ttotal | Status | Flags |
---|---|---|---|---|---|---|
r-devel-linux-x86_64-debian-clang | 1.2-6 | 4.84 | 57.19 | 62.03 | NOTE | |
r-devel-linux-x86_64-debian-gcc | 1.2-6 | 3.66 | 43.22 | 46.88 | NOTE | |
r-devel-linux-x86_64-fedora-clang | 1.2-6 | 76.50 | NOTE | |||
r-devel-linux-x86_64-fedora-gcc | 1.2-6 | 80.54 | NOTE | |||
r-devel-windows-x86_64 | 1.2-6 | 6.00 | 91.00 | 97.00 | NOTE | |
r-patched-linux-x86_64 | 1.2-6 | 5.05 | 54.55 | 59.60 | NOTE | |
r-release-linux-x86_64 | 1.2-6 | 4.05 | 59.51 | 63.56 | NOTE | |
r-release-macos-arm64 | 1.2-6 | 24.00 | NOTE | |||
r-release-macos-x86_64 | 1.2-6 | 38.00 | NOTE | |||
r-release-windows-x86_64 | 1.2-6 | 23.00 | 95.00 | 118.00 | NOTE | |
r-oldrel-macos-arm64 | 1.2-6 | 34.00 | NOTE | |||
r-oldrel-macos-x86_64 | 1.2-6 | 52.00 | NOTE | |||
r-oldrel-windows-ix86+x86_64 | 1.2-6 | 10.00 | 84.00 | 94.00 | NOTE |
Version: 1.2-6
Check: package dependencies
Result: NOTE
Package suggested but not available for checking: ‘glmmADMB’
Flavors: r-devel-linux-x86_64-debian-clang, r-devel-linux-x86_64-debian-gcc, r-devel-linux-x86_64-fedora-clang, r-devel-linux-x86_64-fedora-gcc, r-devel-windows-x86_64, r-patched-linux-x86_64, r-release-linux-x86_64, r-release-macos-arm64, r-release-macos-x86_64, r-release-windows-x86_64, r-oldrel-macos-arm64, r-oldrel-macos-x86_64, r-oldrel-windows-ix86+x86_64