Last updated on 2024-04-23 22:55:24 CEST.
Flavor | Version | Tinstall | Tcheck | Ttotal | Status | Flags |
---|---|---|---|---|---|---|
r-devel-linux-x86_64-debian-clang | 0.10 | 29.03 | 302.73 | 331.76 | OK | |
r-devel-linux-x86_64-debian-gcc | 0.10 | 26.21 | 222.50 | 248.71 | OK | |
r-devel-linux-x86_64-fedora-clang | 0.10 | 448.27 | NOTE | |||
r-devel-linux-x86_64-fedora-gcc | 0.10 | 438.05 | NOTE | |||
r-prerel-macos-arm64 | 0.10 | 130.00 | OK | |||
r-prerel-macos-x86_64 | 0.10 | 295.00 | OK | |||
r-prerel-windows-x86_64 | 0.10 | 26.00 | 215.00 | 241.00 | OK | |
r-patched-linux-x86_64 | 0.10 | 27.34 | 288.31 | 315.65 | OK | |
r-release-linux-x86_64 | 0.10 | 35.91 | 297.08 | 332.99 | OK | |
r-release-macos-arm64 | 0.10 | 12.00 | ERROR | |||
r-release-macos-x86_64 | 0.10 | 221.00 | OK | |||
r-release-windows-x86_64 | 0.10 | 38.00 | 276.00 | 314.00 | OK | |
r-oldrel-macos-arm64 | 0.10 | 108.00 | OK | |||
r-oldrel-windows-x86_64 | 0.10 | 38.00 | 257.00 | 295.00 | OK |
Version: 0.10
Check: dependencies in R code
Result: NOTE
Namespaces in Imports field not imported from:
‘knitr’ ‘rmarkdown’
All declared Imports should be used.
Flavors: r-devel-linux-x86_64-fedora-clang, r-devel-linux-x86_64-fedora-gcc
Version: 0.10
Check: whether package can be installed
Result: ERROR
Installation failed.
Flavor: r-release-macos-arm64