Last updated on 2024-03-28 23:01:46 CET.
Flavor | Version | Tinstall | Tcheck | Ttotal | Status | Flags |
---|---|---|---|---|---|---|
r-devel-linux-x86_64-debian-clang | 1.2 | 3.10 | 40.42 | 43.52 | NOTE | |
r-devel-linux-x86_64-debian-gcc | 1.2 | 2.67 | 30.49 | 33.16 | NOTE | |
r-devel-linux-x86_64-fedora-clang | 1.2 | 54.28 | NOTE | |||
r-devel-linux-x86_64-fedora-gcc | 1.2 | 53.64 | NOTE | |||
r-devel-windows-x86_64 | 1.2 | 4.00 | 53.00 | 57.00 | NOTE | |
r-patched-linux-x86_64 | 1.2 | 4.68 | 40.52 | 45.20 | NOTE | |
r-release-linux-x86_64 | 1.2 | 3.83 | 39.72 | 43.55 | OK | |
r-release-macos-arm64 | 1.2 | 22.00 | OK | |||
r-release-macos-x86_64 | 1.2 | 28.00 | OK | |||
r-release-windows-x86_64 | 1.2 | 6.00 | 60.00 | 66.00 | OK | |
r-oldrel-macos-arm64 | 1.2 | 19.00 | OK | |||
r-oldrel-windows-x86_64 | 1.2 | 10.00 | 66.00 | 76.00 | OK |
Version: 1.2
Check: Rd contents
Result: NOTE
Argument items with no description in Rd file 'bid2.Rd':
‘numattable1’ ‘playerseats1’ ‘blinds1’ ‘dealer1’ ‘b3’ ‘b4’ ‘round1’
‘ntable1’ ‘decision1’
Argument items with no description in Rd file 'calcwin1.Rd':
‘numattable1’ ‘playerseats1’ ‘b3’ ‘b7’
Argument items with no description in Rd file 'mycount1.Rd':
‘x’
Argument items with no description in Rd file 'mygraphics1.Rd':
‘numattable1’ ‘playerseats1’ ‘chips1’ ‘blinds1’ ‘dealer1’ ‘b3’ ‘b4’
‘b5’ ‘b6’ ‘b7’ ‘chips2’ ‘ntable1’ ‘myfast1’ ‘chipstart1’ ‘name1’
‘lowercut1’
Argument items with no description in Rd file 'nothing1.Rd':
‘x’
Argument items with no description in Rd file 'onepair1.Rd':
‘x’
Argument items with no description in Rd file 'straight1.Rd':
‘x’
Argument items with no description in Rd file 'straightdraw1.Rd':
‘x’
Argument items with no description in Rd file 'strflsh1.Rd':
‘x’ ‘y’
Argument items with no description in Rd file 'trip1.Rd':
‘x’
Argument items with no description in Rd file 'twopair1.Rd':
‘x’
Argument items with no description in Rd file 'writebets1.Rd':
‘b9’ ‘y1’ ‘numattable1’ ‘b3’ ‘playerseats1’ ‘chips1’ ‘chips2’ ‘over1’
‘myfast1’ ‘name1’
Flavors: r-devel-linux-x86_64-debian-clang, r-devel-linux-x86_64-debian-gcc, r-devel-linux-x86_64-fedora-clang, r-devel-linux-x86_64-fedora-gcc, r-devel-windows-x86_64, r-patched-linux-x86_64