CRAN Package Check Results for Package hornpa

Last updated on 2018-07-17 22:50:40 CEST.

Flavor Version Tinstall Tcheck Ttotal Status Flags
r-devel-linux-x86_64-debian-clang 1.0 0.83 17.62 18.45 NOTE
r-devel-linux-x86_64-debian-gcc 1.0 0.52 13.89 14.41 NOTE
r-devel-linux-x86_64-fedora-clang 1.0 22.54 NOTE
r-devel-linux-x86_64-fedora-gcc 1.0 19.50 NOTE
r-devel-windows-ix86+x86_64 1.0 3.00 27.00 30.00 NOTE
r-patched-linux-x86_64 1.0 0.61 16.18 16.79 NOTE
r-patched-solaris-x86 1.0 32.40 NOTE
r-release-linux-x86_64 1.0 0.66 16.39 17.05 NOTE
r-release-windows-ix86+x86_64 1.0 3.00 27.00 30.00 NOTE
r-release-osx-x86_64 1.0 NOTE
r-oldrel-windows-ix86+x86_64 1.0 2.00 24.00 26.00 NOTE
r-oldrel-osx-x86_64 1.0 NOTE

Check Details

Version: 1.0
Check: R code for possible problems
Result: NOTE
    hornpa: no visible global function definition for ‘rnorm’
    hornpa: no visible global function definition for ‘cor’
    hornpa: no visible global function definition for ‘quantile’
    Undefined global functions or variables:
     cor quantile rnorm
    Consider adding
     importFrom("stats", "cor", "quantile", "rnorm")
    to your NAMESPACE file.
Flavors: r-devel-linux-x86_64-debian-clang, r-devel-linux-x86_64-debian-gcc, r-devel-linux-x86_64-fedora-clang, r-devel-linux-x86_64-fedora-gcc, r-devel-windows-ix86+x86_64, r-patched-linux-x86_64, r-patched-solaris-x86, r-release-linux-x86_64, r-release-windows-ix86+x86_64, r-release-osx-x86_64, r-oldrel-windows-ix86+x86_64, r-oldrel-osx-x86_64