CRAN Package Check Results for Package hornpa

Last updated on 2018-10-16 22:56:19 CEST.

Flavor Version Tinstall Tcheck Ttotal Status Flags
r-devel-linux-x86_64-debian-clang 1.0 0.80 17.46 18.26 NOTE
r-devel-linux-x86_64-debian-gcc 1.0 0.74 14.89 15.63 NOTE
r-devel-linux-x86_64-fedora-clang 1.0 22.49 NOTE
r-devel-linux-x86_64-fedora-gcc 1.0 21.20 NOTE
r-devel-windows-ix86+x86_64 1.0 4.00 37.00 41.00 NOTE
r-patched-linux-x86_64 1.0 0.76 15.93 16.69 NOTE
r-patched-solaris-x86 1.0 31.80 NOTE
r-release-linux-x86_64 1.0 0.73 16.18 16.91 NOTE
r-release-windows-ix86+x86_64 1.0 3.00 27.00 30.00 NOTE
r-release-osx-x86_64 1.0 NOTE
r-oldrel-windows-ix86+x86_64 1.0 2.00 24.00 26.00 NOTE
r-oldrel-osx-x86_64 1.0 NOTE

Check Details

Version: 1.0
Check: R code for possible problems
Result: NOTE
    hornpa: no visible global function definition for ‘rnorm’
    hornpa: no visible global function definition for ‘cor’
    hornpa: no visible global function definition for ‘quantile’
    Undefined global functions or variables:
     cor quantile rnorm
    Consider adding
     importFrom("stats", "cor", "quantile", "rnorm")
    to your NAMESPACE file.
Flavors: r-devel-linux-x86_64-debian-clang, r-devel-linux-x86_64-debian-gcc, r-devel-linux-x86_64-fedora-clang, r-devel-linux-x86_64-fedora-gcc, r-devel-windows-ix86+x86_64, r-patched-linux-x86_64, r-patched-solaris-x86, r-release-linux-x86_64, r-release-windows-ix86+x86_64, r-release-osx-x86_64, r-oldrel-windows-ix86+x86_64, r-oldrel-osx-x86_64