Last updated on 2024-04-26 22:54:45 CEST.
Flavor | Version | Tinstall | Tcheck | Ttotal | Status | Flags |
---|---|---|---|---|---|---|
r-devel-linux-x86_64-debian-clang | 2.0.3 | 81.74 | 58.98 | 140.72 | OK | |
r-devel-linux-x86_64-debian-gcc | 2.0.3 | 57.13 | 45.85 | 102.98 | OK | |
r-devel-linux-x86_64-fedora-clang | 2.0.3 | 214.75 | NOTE | |||
r-devel-linux-x86_64-fedora-gcc | 2.0.3 | 200.53 | NOTE | |||
r-devel-windows-x86_64 | 2.0.3 | 60.00 | 98.00 | 158.00 | OK | |
r-patched-linux-x86_64 | 2.0.3 | 70.24 | 58.56 | 128.80 | OK | |
r-release-linux-x86_64 | 2.0.3 | 75.98 | 58.20 | 134.18 | OK | |
r-release-macos-arm64 | 2.0.3 | 52.00 | OK | |||
r-release-macos-x86_64 | 2.0.3 | 108.00 | OK | |||
r-release-windows-x86_64 | 2.0.3 | 62.00 | 96.00 | 158.00 | OK | |
r-oldrel-macos-arm64 | 2.0.3 | 54.00 | OK | |||
r-oldrel-macos-x86_64 | 2.0.3 | 106.00 | OK | |||
r-oldrel-windows-x86_64 | 2.0.3 | 77.00 | 107.00 | 184.00 | OK |
Version: 2.0.3
Check: compiled code
Result: NOTE
File ‘hsphase/libs/hsphase.so’:
Found no calls to: ‘R_registerRoutines’, ‘R_useDynamicSymbols’
It is good practice to register native routines and to disable symbol
search.
See ‘Writing portable packages’ in the ‘Writing R Extensions’ manual.
Flavors: r-devel-linux-x86_64-fedora-clang, r-devel-linux-x86_64-fedora-gcc