CRAN Package Check Results for Package htmldf

Last updated on 2021-04-10 22:52:26 CEST.

Flavor Version Tinstall Tcheck Ttotal Status Flags
r-devel-linux-x86_64-debian-clang 0.2.0 10.28 98.11 108.39 NOTE
r-devel-linux-x86_64-debian-gcc 0.2.0 8.96 72.07 81.03 NOTE
r-devel-linux-x86_64-fedora-clang 0.2.0 135.18 NOTE
r-devel-linux-x86_64-fedora-gcc 0.2.0 122.16 NOTE
r-devel-windows-ix86+x86_64 0.2.0 18.00 84.00 102.00 NOTE
r-devel-windows-x86_64-gcc10-UCRT 0.2.0 NOTE
r-patched-linux-x86_64 0.2.0 9.40 88.50 97.90 OK
r-patched-solaris-x86 0.2.0 184.50 OK
r-release-linux-x86_64 0.2.0 10.40 90.38 100.78 OK
r-release-macos-x86_64 0.2.0 OK
r-release-windows-ix86+x86_64 0.2.0 32.00 121.00 153.00 OK
r-oldrel-macos-x86_64 0.2.0 OK
r-oldrel-windows-ix86+x86_64 0.2.0 22.00 80.00 102.00 OK

Check Details

Version: 0.2.0
Check: LazyData
Result: NOTE
     'LazyData' is specified without a 'data' directory
Flavors: r-devel-linux-x86_64-debian-clang, r-devel-linux-x86_64-debian-gcc, r-devel-linux-x86_64-fedora-clang, r-devel-linux-x86_64-fedora-gcc, r-devel-windows-ix86+x86_64, r-devel-windows-x86_64-gcc10-UCRT