CRAN Package Check Results for Package huge

Last updated on 2024-03-02 22:41:56 CET.

Flavor Version Tinstall Tcheck Ttotal Status Flags
r-devel-linux-x86_64-debian-clang 1.3.5 77.75 130.25 208.00 NOTE
r-devel-linux-x86_64-debian-gcc 1.3.5 64.77 114.73 179.50 NOTE
r-devel-linux-x86_64-fedora-clang 1.3.5 303.23 NOTE
r-devel-linux-x86_64-fedora-gcc 1.3.5 325.02 NOTE
r-devel-windows-x86_64 1.3.5 61.00 156.00 217.00 NOTE
r-patched-linux-x86_64 1.3.5 86.79 131.64 218.43 NOTE
r-release-linux-x86_64 1.3.5 84.42 130.12 214.54 NOTE
r-release-macos-arm64 1.3.5 94.00 NOTE
r-release-macos-x86_64 1.3.5 150.00 NOTE
r-release-windows-x86_64 1.3.5 76.00 190.00 266.00 NOTE
r-oldrel-macos-arm64 1.3.5 85.00 NOTE
r-oldrel-windows-x86_64 1.3.5 77.00 188.00 265.00 OK

Check Details

Version: 1.3.5
Check: C++ specification
Result: NOTE Specified C++11: please drop specification unless essential Flavors: r-devel-linux-x86_64-debian-clang, r-devel-linux-x86_64-debian-gcc, r-devel-linux-x86_64-fedora-clang, r-devel-linux-x86_64-fedora-gcc, r-devel-windows-x86_64, r-patched-linux-x86_64, r-release-linux-x86_64, r-release-macos-arm64, r-release-macos-x86_64, r-release-windows-x86_64

Version: 1.3.5
Check: Rd files
Result: NOTE checkRd: (-1) huge.Rd:31: Lost braces; missing escapes or markup? 31 | \item{scr}{If \code{scr = TRUE}, the lossy screening rule is applied to preselect the neighborhood before the graph estimation. The default value is \code{FALSE}. NOT applicable when \code{method = "ct"}, {"mb"}, or {"tiger"}.} | ^ checkRd: (-1) huge.Rd:31: Lost braces; missing escapes or markup? 31 | \item{scr}{If \code{scr = TRUE}, the lossy screening rule is applied to preselect the neighborhood before the graph estimation. The default value is \code{FALSE}. NOT applicable when \code{method = "ct"}, {"mb"}, or {"tiger"}.} | ^ checkRd: (-1) huge.Rd:37: Lost braces; missing escapes or markup? 37 | \item{sym}{Symmetrize the output graphs. If \code{sym = "and"}, the edge between node \code{i} and node \code{j} is selected ONLY when both node \code{i} and node \code{j} are selected as neighbors for each other. If \code{sym = "or"}, the edge is selected when either node \code{i} or node \code{j} is selected as the neighbor for each other. The default value is \code{"or"}. ONLY applicable when \code{method = "mb"} or {"tiger"}.} | ^ checkRd: (-1) huge.glasso.Rd:26: Lost braces; missing escapes or markup? 26 | \item{scr}{If \code{scr = TRUE}, the lossy screening rule is applied to preselect the neighborhood before the graph estimation. The default value is \code{FALSE}. NOT applicable when \code{method = "ct"}, {"mb"}, or {"tiger"}.} | ^ checkRd: (-1) huge.glasso.Rd:26: Lost braces; missing escapes or markup? 26 | \item{scr}{If \code{scr = TRUE}, the lossy screening rule is applied to preselect the neighborhood before the graph estimation. The default value is \code{FALSE}. NOT applicable when \code{method = "ct"}, {"mb"}, or {"tiger"}.} | ^ checkRd: (-1) huge.mb.Rd:28: Lost braces; missing escapes or markup? 28 | \item{scr}{If \code{scr = TRUE}, the lossy screening rule is applied to preselect the neighborhood before the graph estimation. The default value is \code{FALSE}. NOT applicable when \code{method = "ct"}, {"mb"}, or {"tiger"}.} | ^ checkRd: (-1) huge.mb.Rd:28: Lost braces; missing escapes or markup? 28 | \item{scr}{If \code{scr = TRUE}, the lossy screening rule is applied to preselect the neighborhood before the graph estimation. The default value is \code{FALSE}. NOT applicable when \code{method = "ct"}, {"mb"}, or {"tiger"}.} | ^ checkRd: (-1) huge.mb.Rd:34: Lost braces; missing escapes or markup? 34 | \item{sym}{Symmetrize the output graphs. If \code{sym = "and"}, the edge between node \code{i} and node \code{j} is selected ONLY when both node \code{i} and node \code{j} are selected as neighbors for each other. If \code{sym = "or"}, the edge is selected when either node \code{i} or node \code{j} is selected as the neighbor for each other. The default value is \code{"or"}. ONLY applicable when \code{method = "mb"} or {"tiger"}.} | ^ checkRd: (-1) huge.tiger.Rd:25: Lost braces; missing escapes or markup? 25 | \item{sym}{Symmetrize the output graphs. If \code{sym = "and"}, the edge between node \code{i} and node \code{j} is selected ONLY when both node \code{i} and node \code{j} are selected as neighbors for each other. If \code{sym = "or"}, the edge is selected when either node \code{i} or node \code{j} is selected as the neighbor for each other. The default value is \code{"or"}. ONLY applicable when \code{method = "mb"} or {"tiger"}.} | ^ Flavors: r-devel-linux-x86_64-debian-clang, r-devel-linux-x86_64-debian-gcc, r-devel-linux-x86_64-fedora-clang, r-devel-linux-x86_64-fedora-gcc

Version: 1.3.5
Check: installed package size
Result: NOTE installed size is 9.9Mb sub-directories of 1Mb or more: libs 8.5Mb Flavors: r-release-macos-arm64, r-release-macos-x86_64, r-oldrel-macos-arm64