Last updated on 2023-09-23 23:00:48 CEST.
Flavor | Version | Tinstall | Tcheck | Ttotal | Status | Flags |
---|---|---|---|---|---|---|
r-devel-linux-x86_64-debian-clang | 0.2.0 | 3.69 | 34.77 | 38.46 | NOTE | |
r-devel-linux-x86_64-debian-gcc | 0.2.0 | 2.70 | 27.54 | 30.24 | NOTE | |
r-devel-linux-x86_64-fedora-clang | 0.2.0 | 50.30 | NOTE | |||
r-devel-linux-x86_64-fedora-gcc | 0.2.0 | 58.06 | NOTE | |||
r-devel-windows-x86_64 | 0.2.0 | 6.00 | 47.00 | 53.00 | NOTE | |
r-patched-linux-x86_64 | 0.2.0 | 3.82 | 34.22 | 38.04 | NOTE | |
r-release-linux-x86_64 | 0.2.0 | 3.55 | 34.65 | 38.20 | NOTE | |
r-release-macos-arm64 | 0.2.0 | 25.00 | NOTE | |||
r-release-macos-x86_64 | 0.2.0 | 35.00 | NOTE | |||
r-release-windows-x86_64 | 0.2.0 | 5.00 | 50.00 | 55.00 | NOTE | |
r-oldrel-macos-arm64 | 0.2.0 | 26.00 | NOTE | |||
r-oldrel-macos-x86_64 | 0.2.0 | 30.00 | NOTE | |||
r-oldrel-windows-x86_64 | 0.2.0 | 5.00 | 51.00 | 56.00 | NOTE |
Version: 0.2.0
Check: LazyData
Result: NOTE
'LazyData' is specified without a 'data' directory
Flavors: r-devel-linux-x86_64-debian-clang, r-devel-linux-x86_64-debian-gcc, r-devel-linux-x86_64-fedora-clang, r-devel-linux-x86_64-fedora-gcc, r-devel-windows-x86_64, r-patched-linux-x86_64, r-release-linux-x86_64, r-release-macos-arm64, r-release-macos-x86_64, r-release-windows-x86_64, r-oldrel-macos-arm64, r-oldrel-macos-x86_64, r-oldrel-windows-x86_64