CRAN Package Check Results for Package humanize

Last updated on 2024-07-16 22:48:37 CEST.

Flavor Version Tinstall Tcheck Ttotal Status Flags
r-devel-linux-x86_64-debian-clang 0.2.0 3.02 35.91 38.93 NOTE
r-devel-linux-x86_64-debian-gcc 0.2.0 2.53 27.63 30.16 NOTE
r-devel-linux-x86_64-fedora-clang 0.2.0 50.29 NOTE
r-devel-linux-x86_64-fedora-gcc 0.2.0 59.30 NOTE
r-devel-windows-x86_64 0.2.0 3.00 49.00 52.00 NOTE
r-patched-linux-x86_64 0.2.0 3.11 34.98 38.09 NOTE
r-release-linux-x86_64 0.2.0 3.29 34.46 37.75 NOTE
r-release-macos-arm64 0.2.0 28.00 NOTE
r-release-macos-x86_64 0.2.0 34.00 NOTE
r-release-windows-x86_64 0.2.0 4.00 49.00 53.00 NOTE
r-oldrel-macos-arm64 0.2.0 25.00 NOTE
r-oldrel-macos-x86_64 0.2.0 35.00 NOTE
r-oldrel-windows-x86_64 0.2.0 4.00 53.00 57.00 NOTE

Check Details

Version: 0.2.0
Check: LazyData
Result: NOTE 'LazyData' is specified without a 'data' directory Flavors: r-devel-linux-x86_64-debian-clang, r-devel-linux-x86_64-debian-gcc, r-devel-linux-x86_64-fedora-clang, r-devel-linux-x86_64-fedora-gcc, r-devel-windows-x86_64, r-patched-linux-x86_64, r-release-linux-x86_64, r-release-macos-arm64, r-release-macos-x86_64, r-release-windows-x86_64, r-oldrel-macos-arm64, r-oldrel-macos-x86_64, r-oldrel-windows-x86_64