Last updated on 2024-04-23 22:55:24 CEST.
Flavor | Version | Tinstall | Tcheck | Ttotal | Status | Flags |
---|---|---|---|---|---|---|
r-devel-linux-x86_64-debian-clang | 1.1 | 7.08 | 67.13 | 74.21 | NOTE | |
r-devel-linux-x86_64-debian-gcc | 1.1 | 5.58 | 48.75 | 54.33 | NOTE | |
r-devel-linux-x86_64-fedora-clang | 1.1 | 94.38 | NOTE | |||
r-devel-linux-x86_64-fedora-gcc | 1.1 | 102.63 | NOTE | |||
r-prerel-macos-arm64 | 1.1 | 35.00 | NOTE | |||
r-prerel-windows-x86_64 | 1.1 | 8.00 | 65.00 | 73.00 | NOTE | |
r-patched-linux-x86_64 | 1.1 | 5.99 | 62.37 | 68.36 | NOTE | |
r-release-linux-x86_64 | 1.1 | 6.44 | 63.40 | 69.84 | OK | |
r-release-macos-arm64 | 1.1 | 43.00 | OK | |||
r-release-macos-x86_64 | 1.1 | 112.00 | OK | |||
r-release-windows-x86_64 | 1.1 | 9.00 | 76.00 | 85.00 | OK | |
r-oldrel-macos-arm64 | 1.1 | 38.00 | OK | |||
r-oldrel-windows-x86_64 | 1.1 | 8.00 | 82.00 | 90.00 | OK |
Version: 1.1
Check: Rd files
Result: NOTE
checkRd: (-1) ws_download.Rd:31: Lost braces; missing escapes or markup?
31 | (while using the {hwsdr} package for HWSD v2.0).
| ^
Flavors: r-devel-linux-x86_64-debian-clang, r-devel-linux-x86_64-debian-gcc, r-devel-linux-x86_64-fedora-clang, r-devel-linux-x86_64-fedora-gcc, r-prerel-macos-arm64, r-prerel-windows-x86_64, r-patched-linux-x86_64
Version: 1.1
Check: data for non-ASCII characters
Result: NOTE
Note: found 1 marked UTF-8 string
Flavors: r-devel-linux-x86_64-fedora-clang, r-devel-linux-x86_64-fedora-gcc