Last updated on 2023-02-05 22:59:23 CET.
Flavor | Version | Tinstall | Tcheck | Ttotal | Status | Flags |
---|---|---|---|---|---|---|
r-devel-linux-x86_64-debian-clang | 1.0 | 1.72 | 51.24 | 52.96 | OK | |
r-devel-linux-x86_64-debian-gcc | 1.0 | 1.73 | 38.87 | 40.60 | OK | |
r-devel-linux-x86_64-fedora-clang | 1.0 | 65.83 | NOTE | |||
r-devel-linux-x86_64-fedora-gcc | 1.0 | 78.13 | NOTE | |||
r-devel-windows-x86_64 | 1.0 | 9.00 | 83.00 | 92.00 | OK | |
r-patched-linux-x86_64 | 1.0 | 1.71 | 50.98 | 52.69 | OK | |
r-release-linux-x86_64 | 1.0 | 2.15 | 51.79 | 53.94 | OK | |
r-release-macos-arm64 | 1.0 | 23.00 | NOTE | |||
r-release-macos-x86_64 | 1.0 | 32.00 | NOTE | |||
r-release-windows-x86_64 | 1.0 | 8.00 | 90.00 | 98.00 | OK | |
r-oldrel-macos-arm64 | 1.0 | 25.00 | NOTE | |||
r-oldrel-macos-x86_64 | 1.0 | 26.00 | NOTE | |||
r-oldrel-windows-ix86+x86_64 | 1.0 | 6.00 | 78.00 | 84.00 | OK |
Version: 1.0
Check: data for non-ASCII characters
Result: NOTE
Note: found 1 marked UTF-8 string
Flavors: r-devel-linux-x86_64-fedora-clang, r-devel-linux-x86_64-fedora-gcc, r-release-macos-arm64, r-release-macos-x86_64, r-oldrel-macos-arm64, r-oldrel-macos-x86_64