CRAN Package Check Results for Package hydroscoper

Last updated on 2019-08-23 22:50:00 CEST.

Flavor Version Tinstall Tcheck Ttotal Status Flags
r-devel-linux-x86_64-debian-clang 1.2 2.71 36.75 39.46 OK
r-devel-linux-x86_64-debian-gcc 1.2 OK
r-devel-linux-x86_64-fedora-clang 1.2 49.22 NOTE
r-devel-linux-x86_64-fedora-gcc 1.2 47.08 NOTE
r-devel-windows-ix86+x86_64 1.2 7.00 59.00 66.00 OK
r-patched-linux-x86_64 1.2 2.25 35.31 37.56 OK
r-patched-solaris-x86 1.2 71.40 NOTE
r-release-linux-x86_64 1.2 2.28 36.29 38.57 OK
r-release-windows-ix86+x86_64 1.2 8.00 80.00 88.00 OK
r-release-osx-x86_64 1.2 NOTE
r-oldrel-windows-ix86+x86_64 1.2 5.00 71.00 76.00 OK
r-oldrel-osx-x86_64 1.2 NOTE

Check Details

Version: 1.2
Check: data for non-ASCII characters
Result: NOTE
     Note: found 3026 marked UTF-8 strings
Flavors: r-devel-linux-x86_64-fedora-clang, r-devel-linux-x86_64-fedora-gcc, r-patched-solaris-x86, r-release-osx-x86_64, r-oldrel-osx-x86_64