CRAN Package Check Results for Package hyperSpec

Last updated on 2018-12-11 21:48:50 CET.

Flavor Version Tinstall Tcheck Ttotal Status Flags
r-devel-linux-x86_64-debian-clang 0.99-20180627 12.98 211.39 224.37 OK
r-devel-linux-x86_64-debian-gcc 0.99-20180627 9.20 161.21 170.41 OK
r-devel-linux-x86_64-fedora-clang 0.99-20180627 264.61 NOTE
r-devel-linux-x86_64-fedora-gcc 0.99-20180627 258.26 OK
r-devel-windows-ix86+x86_64 0.99-20180627 32.00 335.00 367.00 NOTE
r-patched-linux-x86_64 0.99-20180627 13.80 203.63 217.43 OK
r-patched-solaris-x86 0.99-20180627 333.30 NOTE
r-release-linux-x86_64 0.99-20180627 10.41 204.17 214.58 OK
r-release-windows-ix86+x86_64 0.99-20180627 24.00 320.00 344.00 NOTE
r-release-osx-x86_64 0.99-20180627 NOTE
r-oldrel-windows-ix86+x86_64 0.99-20180627 16.00 453.00 469.00 OK
r-oldrel-osx-x86_64 0.99-20180627 OK

Check Details

Version: 0.99-20180627
Check: installed package size
Result: NOTE
     installed size is 5.1Mb
     sub-directories of 1Mb or more:
     doc 3.8Mb
Flavors: r-devel-linux-x86_64-fedora-clang, r-devel-windows-ix86+x86_64, r-patched-solaris-x86, r-release-windows-ix86+x86_64, r-release-osx-x86_64