Last updated on 2023-02-05 22:59:23 CET.
Flavor | Version | Tinstall | Tcheck | Ttotal | Status | Flags |
---|---|---|---|---|---|---|
r-devel-linux-x86_64-debian-clang | 0.100.0 | 17.97 | 319.38 | 337.35 | NOTE | |
r-devel-linux-x86_64-debian-gcc | 0.100.0 | 16.36 | 232.24 | 248.60 | NOTE | |
r-devel-linux-x86_64-fedora-clang | 0.100.0 | 410.34 | NOTE | |||
r-devel-linux-x86_64-fedora-gcc | 0.100.0 | 690.44 | NOTE | |||
r-devel-windows-x86_64 | 0.100.0 | 124.00 | 1006.00 | 1130.00 | NOTE | |
r-patched-linux-x86_64 | 0.100.0 | 18.93 | 597.79 | 616.72 | OK | |
r-release-linux-x86_64 | 0.100.0 | 14.16 | 533.66 | 547.82 | OK | |
r-release-macos-arm64 | 0.100.0 | 132.00 | OK | |||
r-release-macos-x86_64 | 0.100.0 | 278.00 | OK | |||
r-release-windows-x86_64 | 0.100.0 | 158.00 | 1057.00 | 1215.00 | OK | |
r-oldrel-macos-arm64 | 0.100.0 | 149.00 | OK | |||
r-oldrel-macos-x86_64 | 0.100.0 | 188.00 | OK | |||
r-oldrel-windows-ix86+x86_64 | 0.100.0 | 37.00 | 507.00 | 544.00 | OK |
Version: 0.100.0
Check: Rd files
Result: NOTE
checkRd: (-1) palettes.Rd:25: Escaped LaTeX specials: \#
Flavors: r-devel-linux-x86_64-debian-clang, r-devel-linux-x86_64-debian-gcc, r-devel-linux-x86_64-fedora-clang, r-devel-linux-x86_64-fedora-gcc, r-devel-windows-x86_64