CRAN Package Check Results for Package hyperSpec

Last updated on 2018-09-17 22:51:04 CEST.

Flavor Version Tinstall Tcheck Ttotal Status Flags
r-devel-linux-x86_64-debian-clang 0.99-20180627 12.15 217.57 229.72 OK
r-devel-linux-x86_64-debian-gcc 0.99-20180627 12.04 170.32 182.36 OK
r-devel-linux-x86_64-fedora-clang 0.99-20180627 307.57 NOTE
r-devel-linux-x86_64-fedora-gcc 0.99-20180627 299.73 OK
r-devel-windows-ix86+x86_64 0.99-20180627 54.00 559.00 613.00 NOTE
r-patched-linux-x86_64 0.99-20180627 11.24 202.75 213.99 OK
r-patched-solaris-x86 0.99-20180627 312.70 NOTE
r-release-linux-x86_64 0.99-20180627 11.90 201.19 213.09 OK
r-release-windows-ix86+x86_64 0.99-20180627 19.00 301.00 320.00 NOTE
r-release-osx-x86_64 0.99-20180627 NOTE
r-oldrel-windows-ix86+x86_64 0.99-20180627 14.00 302.00 316.00 OK
r-oldrel-osx-x86_64 0.99-20180627 OK

Check Details

Version: 0.99-20180627
Check: installed package size
Result: NOTE
     installed size is 5.1Mb
     sub-directories of 1Mb or more:
     doc 3.8Mb
Flavors: r-devel-linux-x86_64-fedora-clang, r-devel-windows-ix86+x86_64, r-patched-solaris-x86, r-release-windows-ix86+x86_64, r-release-osx-x86_64