CRAN Package Check Results for Package hyperSpec

Last updated on 2018-06-18 22:50:13 CEST.

Flavor Version Tinstall Tcheck Ttotal Status Flags
r-devel-linux-x86_64-debian-clang 0.99-20171005 9.73 185.58 195.31 NOTE
r-devel-linux-x86_64-debian-gcc 0.99-20171005 11.96 157.63 169.59 NOTE
r-devel-linux-x86_64-fedora-clang 0.99-20171005 263.71 NOTE
r-devel-linux-x86_64-fedora-gcc 0.99-20171005 252.59 NOTE
r-devel-windows-ix86+x86_64 0.99-20171005 34.00 305.00 339.00 NOTE
r-patched-linux-x86_64 0.99-20171005 10.07 196.27 206.34 NOTE
r-patched-solaris-x86 0.99-20171005 300.00 NOTE
r-release-linux-x86_64 0.99-20171005 8.87 192.21 201.08 NOTE
r-release-windows-ix86+x86_64 0.99-20171005 24.00 379.00 403.00 NOTE
r-release-osx-x86_64 0.99-20171005 NOTE
r-oldrel-windows-ix86+x86_64 0.99-20171005 14.00 397.00 411.00 NOTE
r-oldrel-osx-x86_64 0.99-20171005 NOTE

Check Details

Version: 0.99-20171005
Check: R code for possible problems
Result: NOTE
    Warning: local assignments to syntactic functions: ~
    Warning: local assignments to syntactic functions: ~
Flavors: r-devel-linux-x86_64-debian-clang, r-devel-linux-x86_64-debian-gcc, r-devel-linux-x86_64-fedora-clang, r-devel-linux-x86_64-fedora-gcc, r-patched-linux-x86_64, r-patched-solaris-x86, r-release-linux-x86_64

Version: 0.99-20171005
Check: installed package size
Result: NOTE
     installed size is 5.3Mb
     sub-directories of 1Mb or more:
     doc 3.9Mb
Flavors: r-devel-linux-x86_64-fedora-clang, r-devel-windows-ix86+x86_64, r-patched-solaris-x86, r-release-windows-ix86+x86_64, r-release-osx-x86_64

Version: 0.99-20171005
Check: R code for possible problems
Result: NOTE
    Warning: local assignments to syntactic functions: ~
Flavors: r-devel-windows-ix86+x86_64, r-release-windows-ix86+x86_64, r-release-osx-x86_64, r-oldrel-windows-ix86+x86_64, r-oldrel-osx-x86_64

Version: 0.99-20171005
Check: re-building of vignette outputs
Result: NOTE
    Error in re-building vignettes:
     ...
    start: 300 support points
    Iteration 1: 153 support points
    Iteration 2: 93 support points
    Iteration 3: 54 support points
    Iteration 4: 38 support points
    Iteration 5: 32 support points
    Iteration 6: 29 support points
    Iteration 7: 29 support points
    spectrum 1: 29 support points, noise = 15.0, 7 iterations
    Error in texi2dvi(file = file, pdf = TRUE, clean = clean, quiet = quiet, :
     Running 'texi2dvi' on 'baseline.tex' failed.
    LaTeX errors:
    ! LaTeX Error: File `fourier.sty' not found.
    
    Type X to quit or <RETURN> to proceed,
    or enter new name. (Default extension: sty)
    
    ! Emergency stop.
    <read *>
    
    l.12 \usepackage
     []{helvet}^^M
    ! ==> Fatal error occurred, no output PDF file produced!
    Calls: buildVignettes -> texi2pdf -> texi2dvi
    Execution halted
Flavor: r-oldrel-osx-x86_64