CRAN Package Check Results for Package hypergate

Last updated on 2019-12-11 22:51:09 CET.

Flavor Version Tinstall Tcheck Ttotal Status Flags
r-devel-linux-x86_64-debian-clang 0.8.1 3.63 50.64 54.27 OK
r-devel-linux-x86_64-debian-gcc 0.8.1 2.98 38.38 41.36 OK
r-devel-linux-x86_64-fedora-clang 0.8.1 67.94 OK
r-devel-linux-x86_64-fedora-gcc 0.8.1 59.08 OK
r-devel-windows-ix86+x86_64 0.8.1 7.00 83.00 90.00 OK
r-devel-windows-ix86+x86_64-gcc8 0.8.1 8.00 85.00 93.00 OK
r-patched-linux-x86_64 0.8.1 3.13 46.79 49.92 OK
r-patched-solaris-x86 0.8.1 87.10 OK
r-release-linux-x86_64 0.8.1 2.98 48.24 51.22 OK
r-release-windows-ix86+x86_64 0.8.1 5.00 58.00 63.00 OK
r-release-osx-x86_64 0.8.1 WARN
r-oldrel-windows-ix86+x86_64 0.8.1 4.00 61.00 65.00 OK
r-oldrel-osx-x86_64 0.8.1 OK

Check Details

Version: 0.8.1
Check: package dependencies
Result: NOTE
    Package suggested but not available for checking: ‘flowCore’
Flavor: r-release-osx-x86_64

Version: 0.8.1
Check: data for non-ASCII characters
Result: WARN
     Error loading dataset 'Samusik_01_subset':
     Error in .requirePackage(package) :
     unable to find required package 'flowCore'
    
     The dataset(s) may use package(s) not declared in the DESCRIPTION file.
Flavor: r-release-osx-x86_64