CRAN Package Check Results for Package hypergate

Last updated on 2019-08-17 22:46:28 CEST.

Flavor Version Tinstall Tcheck Ttotal Status Flags
r-devel-linux-x86_64-debian-clang 0.8.1 2.76 49.25 52.01 OK
r-devel-linux-x86_64-debian-gcc 0.8.1 2.57 37.49 40.06 OK
r-devel-linux-x86_64-fedora-clang 0.8.1 62.65 OK
r-devel-linux-x86_64-fedora-gcc 0.8.1 60.20 OK
r-devel-windows-ix86+x86_64 0.8.1 8.00 87.00 95.00 OK
r-patched-linux-x86_64 0.8.1 2.62 48.75 51.37 OK
r-patched-solaris-x86 0.8.1 89.20 OK
r-release-linux-x86_64 0.8.1 2.34 49.24 51.58 OK
r-release-windows-ix86+x86_64 0.8.1 8.00 76.00 84.00 OK
r-release-osx-x86_64 0.8.1 WARN
r-oldrel-windows-ix86+x86_64 0.8.1 5.00 79.00 84.00 OK
r-oldrel-osx-x86_64 0.8.1 OK

Check Details

Version: 0.8.1
Check: package dependencies
Result: NOTE
    Package suggested but not available for checking: ‘flowCore’
Flavor: r-release-osx-x86_64

Version: 0.8.1
Check: data for non-ASCII characters
Result: WARN
     Error loading dataset 'Samusik_01_subset':
     Error in .requirePackage(package) :
     unable to find required package 'flowCore'
    
     The dataset(s) may use package(s) not declared in the DESCRIPTION file.
Flavor: r-release-osx-x86_64