CRAN Package Check Results for Package hyperoverlap

Last updated on 2023-01-28 22:55:15 CET.

Flavor Version Tinstall Tcheck Ttotal Status Flags
r-devel-linux-x86_64-debian-clang 1.1.1 7.50 71.63 79.13 OK
r-devel-linux-x86_64-debian-gcc 1.1.1 5.01 53.86 58.87 OK
r-devel-linux-x86_64-fedora-clang 1.1.1 95.53 NOTE
r-devel-linux-x86_64-fedora-gcc 1.1.1 102.53 OK
r-devel-windows-x86_64 1.1.1 28.00 98.00 126.00 NOTE
r-patched-linux-x86_64 1.1.1 5.73 70.40 76.13 OK
r-release-linux-x86_64 1.1.1 6.92 71.19 78.11 OK
r-release-macos-arm64 1.1.1 32.00 NOTE
r-release-macos-x86_64 1.1.1 59.00 NOTE
r-release-windows-x86_64 1.1.1 37.00 110.00 147.00 NOTE
r-oldrel-macos-arm64 1.1.1 33.00 NOTE
r-oldrel-macos-x86_64 1.1.1 40.00 NOTE
r-oldrel-windows-ix86+x86_64 1.1.1 18.00 99.00 117.00 NOTE

Check Details

Version: 1.1.1
Check: installed package size
Result: NOTE
     installed size is 6.5Mb
     sub-directories of 1Mb or more:
     doc 6.3Mb
Flavors: r-devel-linux-x86_64-fedora-clang, r-devel-windows-x86_64, r-release-macos-arm64, r-release-macos-x86_64, r-release-windows-x86_64, r-oldrel-macos-arm64, r-oldrel-macos-x86_64, r-oldrel-windows-ix86+x86_64

Version: 1.1.1
Check: package dependencies
Result: NOTE
    Package suggested but not available for checking: ‘webshot2’
Flavors: r-release-macos-arm64, r-release-macos-x86_64, r-oldrel-macos-arm64, r-oldrel-macos-x86_64