Last updated on 2024-03-18 22:03:12 CET.
Flavor | Version | Tinstall | Tcheck | Ttotal | Status | Flags |
---|---|---|---|---|---|---|
r-devel-linux-x86_64-debian-clang | 1.3.1 | 2.35 | 21.53 | 23.88 | OK | |
r-devel-linux-x86_64-debian-gcc | 1.3.1 | 1.59 | 25.32 | 26.91 | OK | |
r-devel-linux-x86_64-fedora-clang | 1.3.1 | 41.63 | NOTE | |||
r-devel-linux-x86_64-fedora-gcc | 1.3.1 | 42.53 | OK | |||
r-devel-windows-x86_64 | 1.3.1 | 3.00 | 50.00 | 53.00 | NOTE | |
r-patched-linux-x86_64 | 1.3.1 | 1.66 | 17.88 | 19.54 | OK | |
r-release-linux-x86_64 | 1.3.1 | 1.86 | 18.56 | 20.42 | OK | |
r-release-macos-arm64 | 1.3.1 | 23.00 | NOTE | |||
r-release-macos-x86_64 | 1.3.1 | 30.00 | NOTE | |||
r-release-windows-x86_64 | 1.3.1 | 3.00 | 52.00 | 55.00 | NOTE | |
r-oldrel-macos-arm64 | 1.3.1 | 22.00 | NOTE | |||
r-oldrel-windows-x86_64 | 1.3.1 | 5.00 | 59.00 | 64.00 | NOTE |
Version: 1.3.1
Check: installed package size
Result: NOTE
installed size is 6.1Mb
sub-directories of 1Mb or more:
data 6.1Mb
Flavors: r-devel-linux-x86_64-fedora-clang, r-devel-windows-x86_64, r-release-macos-arm64, r-release-macos-x86_64, r-release-windows-x86_64, r-oldrel-macos-arm64, r-oldrel-windows-x86_64