CRAN Package Check Results for Package iCellR

Last updated on 2021-04-16 22:51:00 CEST.

Flavor Version Tinstall Tcheck Ttotal Status Flags
r-devel-linux-x86_64-debian-clang 1.6.1 44.83 199.52 244.35 OK
r-devel-linux-x86_64-debian-gcc 1.6.1 30.25 147.99 178.24 OK
r-devel-linux-x86_64-fedora-clang 1.6.1 304.09 NOTE
r-devel-linux-x86_64-fedora-gcc 1.6.1 281.90 OK
r-devel-windows-ix86+x86_64 1.6.1 96.00 328.00 424.00 OK
r-devel-windows-x86_64-gcc10-UCRT 1.6.1 OK
r-patched-linux-x86_64 1.6.1 37.23 184.26 221.49 OK
r-patched-solaris-x86 1.6.1 400.40 OK
r-release-linux-x86_64 1.6.1 35.68 184.46 220.14 OK
r-release-macos-x86_64 1.6.1 OK
r-release-windows-ix86+x86_64 1.6.1 97.00 334.00 431.00 OK
r-oldrel-macos-x86_64 1.6.1 OK
r-oldrel-windows-ix86+x86_64 1.6.1 59.00 316.00 375.00 OK

Check Details

Version: 1.6.1
Check: package dependencies
Result: NOTE
    Imports includes 26 non-default packages.
    Importing from so many packages makes the package vulnerable to any of
    them becoming unavailable. Move as many as possible to Suggests and
    use conditionally.
Flavor: r-devel-linux-x86_64-fedora-clang