Last updated on 2021-04-16 22:51:00 CEST.
Flavor | Version | Tinstall | Tcheck | Ttotal | Status | Flags |
---|---|---|---|---|---|---|
r-devel-linux-x86_64-debian-clang | 1.3.0 | 15.39 | 150.75 | 166.14 | OK | |
r-devel-linux-x86_64-debian-gcc | 1.3.0 | 12.88 | 111.52 | 124.40 | OK | |
r-devel-linux-x86_64-fedora-clang | 1.3.0 | 207.21 | NOTE | |||
r-devel-linux-x86_64-fedora-gcc | 1.3.0 | 189.89 | NOTE | |||
r-devel-windows-ix86+x86_64 | 1.3.0 | 38.00 | 180.00 | 218.00 | OK | |
r-devel-windows-x86_64-gcc10-UCRT | 1.3.0 | NOTE | ||||
r-patched-linux-x86_64 | 1.3.0 | 16.15 | 136.48 | 152.63 | OK | |
r-patched-solaris-x86 | 1.3.0 | 274.30 | NOTE | |||
r-release-linux-x86_64 | 1.3.0 | 14.54 | 136.74 | 151.28 | OK | |
r-release-macos-x86_64 | 1.3.0 | NOTE | ||||
r-release-windows-ix86+x86_64 | 1.3.0 | 37.00 | 186.00 | 223.00 | OK | |
r-oldrel-macos-x86_64 | 1.3.0 | NOTE | ||||
r-oldrel-windows-ix86+x86_64 | 1.3.0 | 24.00 | 166.00 | 190.00 | OK |
Version: 1.3.0
Check: dependencies in R code
Result: NOTE
Namespaces in Imports field not imported from:
‘iNZightTools’ ‘magrittr’
All declared Imports should be used.
Flavors: r-devel-linux-x86_64-fedora-clang, r-devel-linux-x86_64-fedora-gcc, r-devel-windows-x86_64-gcc10-UCRT, r-patched-solaris-x86, r-release-macos-x86_64, r-oldrel-macos-x86_64