CRAN Package Check Results for Package ibeemd

Last updated on 2019-08-22 22:46:56 CEST.

Flavor Version Tinstall Tcheck Ttotal Status Flags
r-devel-linux-x86_64-debian-clang 1.0.1 11.76 91.24 103.00 NOTE
r-devel-linux-x86_64-debian-gcc 1.0.1 10.68 71.26 81.94 NOTE
r-devel-linux-x86_64-fedora-clang 1.0.1 130.59 NOTE
r-devel-linux-x86_64-fedora-gcc 1.0.1 130.33 NOTE
r-devel-windows-ix86+x86_64 1.0.1 35.00 129.00 164.00 NOTE
r-patched-linux-x86_64 1.0.1 10.77 89.65 100.42 NOTE
r-patched-solaris-x86 1.0.1 195.90 NOTE
r-release-linux-x86_64 1.0.1 10.99 89.08 100.07 NOTE
r-release-windows-ix86+x86_64 1.0.1 40.00 161.00 201.00 NOTE
r-release-osx-x86_64 1.0.1 NOTE
r-oldrel-windows-ix86+x86_64 1.0.1 19.00 139.00 158.00 NOTE
r-oldrel-osx-x86_64 1.0.1 NOTE

Check Details

Version: 1.0.1
Check: R code for possible problems
Result: NOTE
    CreateVoronoi: no visible global function definition for 'slot'
    CreateVoronoi : <anonymous>: no visible global function definition for
     'slot'
    CreateVoronoi: no visible global function definition for 'chull'
    ExtractIMFi2D: no visible global function definition for 'par'
    LocatedAtBoundary: no visible global function definition for
     'txtProgressBar'
    LocatedAtBoundary: no visible global function definition for
     'setTxtProgressBar'
    PlotFit: no visible global function definition for 'par'
    iBEEMD: no visible global function definition for 'is'
    iBEEMD: no visible global function definition for 'sd'
    iBEEMD: no visible global function definition for 'txtProgressBar'
    iBEEMD: no visible global function definition for 'rnorm'
    iBEEMD: no visible global function definition for 'setTxtProgressBar'
    iBEEMD: no visible global function definition for 'terrain.colors'
    rbfcreate: no visible global function definition for 'is'
    rbfcreate : rbfAssemble: no visible global function definition for
     'dist'
    rbfinterp: no visible global function definition for 'is'
    rbfinterp: no visible global function definition for 'dist'
    Undefined global functions or variables:
     chull dist is par rnorm sd setTxtProgressBar slot terrain.colors
     txtProgressBar
    Consider adding
     importFrom("grDevices", "chull", "terrain.colors")
     importFrom("graphics", "par")
     importFrom("methods", "is", "slot")
     importFrom("stats", "dist", "rnorm", "sd")
     importFrom("utils", "setTxtProgressBar", "txtProgressBar")
    to your NAMESPACE file (and ensure that your DESCRIPTION Imports field
    contains 'methods').
Flavors: r-devel-linux-x86_64-debian-clang, r-devel-linux-x86_64-debian-gcc, r-devel-linux-x86_64-fedora-clang, r-devel-linux-x86_64-fedora-gcc, r-devel-windows-ix86+x86_64, r-patched-linux-x86_64, r-patched-solaris-x86, r-release-linux-x86_64, r-release-windows-ix86+x86_64, r-release-osx-x86_64, r-oldrel-windows-ix86+x86_64, r-oldrel-osx-x86_64