Last updated on 2023-06-09 22:58:29 CEST.
Flavor | Version | Tinstall | Tcheck | Ttotal | Status | Flags |
---|---|---|---|---|---|---|
r-devel-linux-x86_64-debian-clang | 2.0.15 | 76.62 | 175.02 | 251.64 | OK | |
r-devel-linux-x86_64-debian-gcc | 2.0.15 | 58.89 | 130.37 | 189.26 | OK | |
r-devel-linux-x86_64-fedora-clang | 2.0.15 | 315.54 | OK | |||
r-devel-linux-x86_64-fedora-gcc | 2.0.15 | 341.97 | OK | |||
r-devel-windows-x86_64 | 2.0.15 | 54.00 | 276.00 | 330.00 | OK | |
r-patched-linux-x86_64 | 2.0.15 | 78.76 | 170.09 | 248.85 | OK | |
r-release-linux-x86_64 | 2.0.15 | 60.06 | 172.89 | 232.95 | OK | |
r-release-macos-arm64 | 2.0.15 | 134.00 | NOTE | |||
r-release-macos-x86_64 | 2.0.15 | 214.00 | NOTE | |||
r-release-windows-x86_64 | 2.0.15 | 73.00 | 293.00 | 366.00 | OK | |
r-oldrel-macos-arm64 | 2.0.15 | 120.00 | NOTE | |||
r-oldrel-macos-x86_64 | 2.0.15 | 146.00 | NOTE | |||
r-oldrel-windows-x86_64 | 2.0.15 | 68.00 | 282.00 | 350.00 | OK |
Version: 2.0.15
Check: installed package size
Result: NOTE
installed size is 16.4Mb
sub-directories of 1Mb or more:
libs 15.0Mb
Flavors: r-release-macos-arm64, r-release-macos-x86_64, r-oldrel-macos-arm64, r-oldrel-macos-x86_64