Last updated on 2024-03-28 23:01:47 CET.
Flavor | Version | Tinstall | Tcheck | Ttotal | Status | Flags |
---|---|---|---|---|---|---|
r-devel-linux-x86_64-debian-clang | 2.0.16 | 90.40 | 173.00 | 263.40 | OK | |
r-devel-linux-x86_64-debian-gcc | 2.0.16 | 69.44 | 126.68 | 196.12 | OK | |
r-devel-linux-x86_64-fedora-clang | 2.0.16 | 325.71 | OK | |||
r-devel-linux-x86_64-fedora-gcc | 2.0.16 | 354.59 | OK | |||
r-devel-windows-x86_64 | 2.0.16 | 62.00 | 266.00 | 328.00 | OK | |
r-patched-linux-x86_64 | 2.0.16 | 86.17 | 168.47 | 254.64 | OK | |
r-release-linux-x86_64 | 2.0.16 | 85.21 | 175.87 | 261.08 | OK | |
r-release-macos-arm64 | 2.0.16 | 121.00 | NOTE | |||
r-release-macos-x86_64 | 2.0.16 | 261.00 | NOTE | |||
r-release-windows-x86_64 | 2.0.16 | 79.00 | 294.00 | 373.00 | OK | |
r-oldrel-macos-arm64 | 2.0.16 | 130.00 | NOTE | |||
r-oldrel-windows-x86_64 | 2.0.16 | 77.00 | 287.00 | 364.00 | OK |
Version: 2.0.16
Check: installed package size
Result: NOTE
installed size is 15.3Mb
sub-directories of 1Mb or more:
libs 13.8Mb
Flavors: r-release-macos-arm64, r-release-macos-x86_64, r-oldrel-macos-arm64