Last updated on 2024-04-23 22:55:25 CEST.
Flavor | Version | Tinstall | Tcheck | Ttotal | Status | Flags |
---|---|---|---|---|---|---|
r-devel-linux-x86_64-debian-clang | 1.5.1 | 11.89 | 159.50 | 171.39 | NOTE | |
r-devel-linux-x86_64-debian-gcc | 1.5.1 | 7.34 | 116.97 | 124.31 | NOTE | |
r-devel-linux-x86_64-fedora-clang | 1.5.1 | 229.82 | NOTE | |||
r-devel-linux-x86_64-fedora-gcc | 1.5.1 | 217.83 | NOTE | |||
r-prerel-macos-arm64 | 1.5.1 | 71.00 | OK | |||
r-prerel-macos-x86_64 | 1.5.1 | 141.00 | OK | |||
r-prerel-windows-x86_64 | 1.5.1 | 15.00 | 140.00 | 155.00 | OK | |
r-patched-linux-x86_64 | 1.5.1 | 12.12 | 154.93 | 167.05 | OK | |
r-release-linux-x86_64 | 1.5.1 | 11.04 | 153.62 | 164.66 | OK | |
r-release-macos-arm64 | 1.5.1 | 70.00 | OK | |||
r-release-macos-x86_64 | 1.5.1 | 125.00 | OK | |||
r-release-windows-x86_64 | 1.5.1 | 16.00 | 169.00 | 185.00 | OK | |
r-oldrel-macos-arm64 | 1.5.1 | 65.00 | OK | |||
r-oldrel-windows-x86_64 | 1.5.1 | 15.00 | 163.00 | 178.00 | OK |
Version: 1.5.1
Check: compiled code
Result: NOTE
File ‘ichimoku/libs/ichimoku.so’:
Found non-API call to R: ‘STDVEC_DATAPTR’
Compiled code should not call non-API entry points in R.
See ‘Writing portable packages’ in the ‘Writing R Extensions’ manual.
Flavors: r-devel-linux-x86_64-debian-clang, r-devel-linux-x86_64-debian-gcc, r-devel-linux-x86_64-fedora-clang, r-devel-linux-x86_64-fedora-gcc